{"id":9685,"date":"2021-03-25T14:00:56","date_gmt":"2021-03-25T13:00:56","guid":{"rendered":"https:\/\/crlisboa.org\/wp\/?post_type=video&#038;p=9685"},"modified":"2021-04-07T14:47:38","modified_gmt":"2021-04-07T13:47:38","slug":"video-o-novo-regime-juridico-das-contraordenacoes-economicas","status":"publish","type":"video","link":"https:\/\/crlisboa.org\/wp\/video\/video-o-novo-regime-juridico-das-contraordenacoes-economicas\/","title":{"rendered":"[V\u00eddeo]  O Novo Regime Jur\u00eddico das Contraordena\u00e7\u00f5es Econ\u00f3micas"},"content":{"rendered":"<p><iframe title=\"Novo Regime Jur\u00eddico das Contraordena\u00e7\u00f5es Econ\u00f3micas\" width=\"960\" height=\"540\" src=\"https:\/\/www.youtube.com\/embed\/K_kcvi7i-kU?feature=oembed\" frameborder=\"0\" allow=\"accelerometer; autoplay; clipboard-write; encrypted-media; gyroscope; picture-in-picture\" allowfullscreen><\/iframe><\/p>\n","protected":false},"excerpt":{"rendered":"<p>25 de mar\u00e7o de 2021<br \/>\nConfer\u00eancia On- Line<\/p>\n","protected":false},"featured_media":10128,"template":"","area":[77,153],"orador":[],"data":[291],"newsletter":[],"class_list":["post-9685","video","type-video","status-publish","has-post-thumbnail","hentry","area-contraordenacoes","area-conferencias-on-line","data-291"],"acf":[],"_links":{"self":[{"href":"https:\/\/crlisboa.org\/wp\/wp-json\/wp\/v2\/video\/9685","targetHints":{"allow":["GET"]}}],"collection":[{"href":"https:\/\/crlisboa.org\/wp\/wp-json\/wp\/v2\/video"}],"about":[{"href":"https:\/\/crlisboa.org\/wp\/wp-json\/wp\/v2\/types\/video"}],"wp:featuredmedia":[{"embeddable":true,"href":"https:\/\/crlisboa.org\/wp\/wp-json\/wp\/v2\/media\/10128"}],"wp:attachment":[{"href":"https:\/\/crlisboa.org\/wp\/wp-json\/wp\/v2\/media?parent=9685"}],"wp:term":[{"taxonomy":"area","embeddable":true,"href":"https:\/\/crlisboa.org\/wp\/wp-json\/wp\/v2\/area?post=9685"},{"taxonomy":"orador","embeddable":true,"href":"https:\/\/crlisboa.org\/wp\/wp-json\/wp\/v2\/orador?post=9685"},{"taxonomy":"data","embeddable":true,"href":"https:\/\/crlisboa.org\/wp\/wp-json\/wp\/v2\/data?post=9685"},{"taxonomy":"newsletter","embeddable":true,"href":"https:\/\/crlisboa.org\/wp\/wp-json\/wp\/v2\/newsletter?post=9685"}],"curies":[{"name":"wp","href":"https:\/\/api.w.org\/{rel}","templated":true}]}}

[Vídeo]  O Novo Regime Jurídico das Contraordenações Económicas

<p><iframe title="Novo Regime Jurídico das Contraordenações Económicas" width="960" height="540" src="https://www.youtube.com/embed/K_kcvi7i-kU?feature=oembed" frameborder="0" allow="accelerometer; autoplay; clipboard-write; encrypted-media; gyroscope; picture-in-picture" allowfullscreen></iframe></p>

<p>25 de março de 2021<br />
Conferência On- Line</p>
