{"id":9330,"date":"2021-02-26T14:00:49","date_gmt":"2021-02-26T13:00:49","guid":{"rendered":"https:\/\/crlisboa.org\/wp\/?post_type=video&#038;p=9330"},"modified":"2021-03-04T12:12:43","modified_gmt":"2021-03-04T11:12:43","slug":"video-nova-lei-dos-prazos-judiciais-implicacoes-da-legislacao-covid-na-acao-executiva","status":"publish","type":"video","link":"https:\/\/crlisboa.org\/wp\/video\/video-nova-lei-dos-prazos-judiciais-implicacoes-da-legislacao-covid-na-acao-executiva\/","title":{"rendered":"[V\u00eddeo] Nova Lei dos Prazos Judiciais : Implica\u00e7\u00f5es da legisla\u00e7\u00e3o &#8220;COVID&#8221; na A\u00e7\u00e3o Executiva"},"content":{"rendered":"<p><iframe title=\"Nova Lei dos Prazos Judiciais - Implica\u00e7\u00f5es da Legisla\u00e7\u00e3o &quot;Covid&quot; na A\u00e7\u00e3o Executiva\" width=\"960\" height=\"540\" src=\"https:\/\/www.youtube.com\/embed\/OPD-aWw0ouQ?feature=oembed\" frameborder=\"0\" allow=\"accelerometer; autoplay; clipboard-write; encrypted-media; gyroscope; picture-in-picture\" allowfullscreen><\/iframe><\/p>\n","protected":false},"excerpt":{"rendered":"<p>26 de fevereiro de 2021<br \/>\nConfer\u00eancia On- Line<\/p>\n","protected":false},"featured_media":9542,"template":"","area":[153],"orador":[],"data":[291],"newsletter":[],"class_list":["post-9330","video","type-video","status-publish","has-post-thumbnail","hentry","area-conferencias-on-line","data-291"],"acf":[],"_links":{"self":[{"href":"https:\/\/crlisboa.org\/wp\/wp-json\/wp\/v2\/video\/9330","targetHints":{"allow":["GET"]}}],"collection":[{"href":"https:\/\/crlisboa.org\/wp\/wp-json\/wp\/v2\/video"}],"about":[{"href":"https:\/\/crlisboa.org\/wp\/wp-json\/wp\/v2\/types\/video"}],"wp:featuredmedia":[{"embeddable":true,"href":"https:\/\/crlisboa.org\/wp\/wp-json\/wp\/v2\/media\/9542"}],"wp:attachment":[{"href":"https:\/\/crlisboa.org\/wp\/wp-json\/wp\/v2\/media?parent=9330"}],"wp:term":[{"taxonomy":"area","embeddable":true,"href":"https:\/\/crlisboa.org\/wp\/wp-json\/wp\/v2\/area?post=9330"},{"taxonomy":"orador","embeddable":true,"href":"https:\/\/crlisboa.org\/wp\/wp-json\/wp\/v2\/orador?post=9330"},{"taxonomy":"data","embeddable":true,"href":"https:\/\/crlisboa.org\/wp\/wp-json\/wp\/v2\/data?post=9330"},{"taxonomy":"newsletter","embeddable":true,"href":"https:\/\/crlisboa.org\/wp\/wp-json\/wp\/v2\/newsletter?post=9330"}],"curies":[{"name":"wp","href":"https:\/\/api.w.org\/{rel}","templated":true}]}}

[Vídeo] Nova Lei dos Prazos Judiciais : Implicações da legislação &#8220;COVID&#8221; na Ação Executiva

<p><iframe title="Nova Lei dos Prazos Judiciais - Implicações da Legislação &quot;Covid&quot; na Ação Executiva" width="960" height="540" src="https://www.youtube.com/embed/OPD-aWw0ouQ?feature=oembed" frameborder="0" allow="accelerometer; autoplay; clipboard-write; encrypted-media; gyroscope; picture-in-picture" allowfullscreen></iframe></p>

<p>26 de fevereiro de 2021<br />
Conferência On- Line</p>
