{"id":9731,"date":"2021-03-15T11:08:37","date_gmt":"2021-03-15T10:08:37","guid":{"rendered":"https:\/\/crlisboa.org\/wp\/?post_type=legis&#038;p=9731"},"modified":"2021-03-15T11:08:54","modified_gmt":"2021-03-15T10:08:54","slug":"decreto-do-presidente-da-republica-n-o-25-a-2021","status":"publish","type":"legis","link":"https:\/\/crlisboa.org\/wp\/legis\/decreto-do-presidente-da-republica-n-o-25-a-2021\/","title":{"rendered":"DECRETO DO PRESIDENTE DA REP\u00daBLICA N.\u00ba 25-A\/2021"},"content":{"rendered":"<p><strong>Di\u00e1rio da Rep\u00fablica n.\u00ba 49\/2021, 2\u00ba Suplemento, S\u00e9rie I de 2021-03-11<\/strong><\/p>\n<p>Presid\u00eancia da Rep\u00fablica<\/p>\n<p>Renova a declara\u00e7\u00e3o do estado de emerg\u00eancia, com fundamento na verifica\u00e7\u00e3o de uma situa\u00e7\u00e3o de calamidade p\u00fablica<\/p>\n<p>Fonte: <a href=\"https:\/\/dre.pt\/\">https:\/\/dre.pt\/<\/a><\/p>\n","protected":false},"excerpt":{"rendered":"<p>Di\u00e1rio da Rep\u00fablica n.\u00ba 49\/2021, 2\u00ba Suplemento, S\u00e9rie I de 2021-03-11 Presid\u00eancia da Rep\u00fablica Renova a declara\u00e7\u00e3o do estado de emerg\u00eancia, com fundamento na verifica\u00e7\u00e3o de uma situa\u00e7\u00e3o de calamidade p\u00fablica Fonte: https:\/\/dre.pt\/<\/p>\n","protected":false},"featured_media":0,"parent":0,"template":"","legis_areas":[220],"juris_datas":[364],"temas":[],"class_list":["post-9731","legis","type-legis","status-publish","hentry","legis_areas-legislacao-covid-19","juris_datas-08-03-a-14-03-de-2021"],"acf":[],"_links":{"self":[{"href":"https:\/\/crlisboa.org\/wp\/wp-json\/wp\/v2\/legis\/9731","targetHints":{"allow":["GET"]}}],"collection":[{"href":"https:\/\/crlisboa.org\/wp\/wp-json\/wp\/v2\/legis"}],"about":[{"href":"https:\/\/crlisboa.org\/wp\/wp-json\/wp\/v2\/types\/legis"}],"wp:attachment":[{"href":"https:\/\/crlisboa.org\/wp\/wp-json\/wp\/v2\/media?parent=9731"}],"wp:term":[{"taxonomy":"legis_areas","embeddable":true,"href":"https:\/\/crlisboa.org\/wp\/wp-json\/wp\/v2\/legis_areas?post=9731"},{"taxonomy":"juris_datas","embeddable":true,"href":"https:\/\/crlisboa.org\/wp\/wp-json\/wp\/v2\/juris_datas?post=9731"},{"taxonomy":"temas","embeddable":true,"href":"https:\/\/crlisboa.org\/wp\/wp-json\/wp\/v2\/temas?post=9731"}],"curies":[{"name":"wp","href":"https:\/\/api.w.org\/{rel}","templated":true}]}}

DECRETO DO PRESIDENTE DA REPÚBLICA N.º 25-A/2021

<p><strong>Diário da República n.º 49/2021, 2º Suplemento, Série I de 2021-03-11</strong></p>
<p>Presidência da República</p>
<p>Renova a declaração do estado de emergência, com fundamento na verificação de uma situação de calamidade pública</p>
<p>Fonte: <a href="https://dre.pt/">https://dre.pt/</a></p>

<p>Diário da República n.º 49/2021, 2º Suplemento, Série I de 2021-03-11 Presidência da República Renova a declaração do estado de emergência, com fundamento na verificação de uma situação de calamidade pública Fonte: https://dre.pt/</p>
