{"id":8656,"date":"2021-01-11T11:29:23","date_gmt":"2021-01-11T10:29:23","guid":{"rendered":"https:\/\/crlisboa.org\/wp\/?post_type=legis&#038;p=8656"},"modified":"2021-01-11T11:29:23","modified_gmt":"2021-01-11T10:29:23","slug":"projeto-de-resolucao-841-xiv","status":"publish","type":"legis","link":"https:\/\/crlisboa.org\/wp\/legis\/projeto-de-resolucao-841-xiv\/","title":{"rendered":"PROJETO DE RESOLU\u00c7\u00c3O 841\/XIV"},"content":{"rendered":"<p><strong>Entrada: 2021-01-06<\/strong><\/p>\n<p>Recomenda ao Governo que acione a Rede Social de forma a proceder \u00e0 identifica\u00e7\u00e3o das estruturas residenciais n\u00e3o licenciadas, para que os seus utentes e colaboradores possam ser enquadrados no processo de vacina\u00e7\u00e3o contra a COVID-19<\/p>\n<p>Fonte: <a href=\"https:\/\/www.parlamento.pt\">https:\/\/www.parlamento.pt<\/a><\/p>\n","protected":false},"excerpt":{"rendered":"<p>Entrada: 2021-01-06 Recomenda ao Governo que acione a Rede Social de forma a proceder \u00e0 identifica\u00e7\u00e3o das estruturas residenciais n\u00e3o licenciadas, para que os seus utentes e colaboradores possam ser enquadrados no processo de vacina\u00e7\u00e3o contra a COVID-19 Fonte: https:\/\/www.parlamento.pt<\/p>\n","protected":false},"featured_media":0,"parent":0,"template":"","legis_areas":[222],"juris_datas":[345],"temas":[],"class_list":["post-8656","legis","type-legis","status-publish","hentry","legis_areas-iniciativas-legislativas","juris_datas-04-01-a-10-01-de-2021"],"acf":[],"_links":{"self":[{"href":"https:\/\/crlisboa.org\/wp\/wp-json\/wp\/v2\/legis\/8656","targetHints":{"allow":["GET"]}}],"collection":[{"href":"https:\/\/crlisboa.org\/wp\/wp-json\/wp\/v2\/legis"}],"about":[{"href":"https:\/\/crlisboa.org\/wp\/wp-json\/wp\/v2\/types\/legis"}],"wp:attachment":[{"href":"https:\/\/crlisboa.org\/wp\/wp-json\/wp\/v2\/media?parent=8656"}],"wp:term":[{"taxonomy":"legis_areas","embeddable":true,"href":"https:\/\/crlisboa.org\/wp\/wp-json\/wp\/v2\/legis_areas?post=8656"},{"taxonomy":"juris_datas","embeddable":true,"href":"https:\/\/crlisboa.org\/wp\/wp-json\/wp\/v2\/juris_datas?post=8656"},{"taxonomy":"temas","embeddable":true,"href":"https:\/\/crlisboa.org\/wp\/wp-json\/wp\/v2\/temas?post=8656"}],"curies":[{"name":"wp","href":"https:\/\/api.w.org\/{rel}","templated":true}]}}

PROJETO DE RESOLUÇÃO 841/XIV

<p><strong>Entrada: 2021-01-06</strong></p>
<p>Recomenda ao Governo que acione a Rede Social de forma a proceder à identificação das estruturas residenciais não licenciadas, para que os seus utentes e colaboradores possam ser enquadrados no processo de vacinação contra a COVID-19</p>
<p>Fonte: <a href="https://www.parlamento.pt">https://www.parlamento.pt</a></p>

<p>Entrada: 2021-01-06 Recomenda ao Governo que acione a Rede Social de forma a proceder à identificação das estruturas residenciais não licenciadas, para que os seus utentes e colaboradores possam ser enquadrados no processo de vacinação contra a COVID-19 Fonte: https://www.parlamento.pt</p>
