{"id":7651,"date":"2020-11-09T11:05:16","date_gmt":"2020-11-09T10:05:16","guid":{"rendered":"https:\/\/crlisboa.org\/wp\/?post_type=legis&#038;p=7651"},"modified":"2020-11-09T11:19:51","modified_gmt":"2020-11-09T10:19:51","slug":"despacho-n-o-10921-2020","status":"publish","type":"legis","link":"https:\/\/crlisboa.org\/wp\/legis\/despacho-n-o-10921-2020\/","title":{"rendered":"DESPACHO N.\u00ba 10921\/2020"},"content":{"rendered":"<p><strong>Di\u00e1rio da Rep\u00fablica n.\u00ba 217\/2020, S\u00e9rie II de 2020-11-06<\/strong><\/p>\n<p>Sa\u00fade &#8211; Gabinete da Ministra<\/p>\n<p>Determina que os hospitais do SNS garantem a ativa\u00e7\u00e3o do n\u00edvel dos planos de conting\u00eancia institucionais, previamente aprovados, que assegure a resposta \u00e0s necessidades epidemiol\u00f3gicas locais e equilibre o esfor\u00e7o assistencial regional e inter-regional, designadamente, suspendendo, durante o m\u00eas de novembro de 2020, a atividade assistencial n\u00e3o urgente que, pela sua natureza ou prioridade cl\u00ednica, n\u00e3o implique risco de vida para os utentes, limita\u00e7\u00e3o do seu progn\u00f3stico e\/ou limita\u00e7\u00e3o de acesso a tratamentos peri\u00f3dicos ou de vigil\u00e2ncia<\/p>\n<p>Fonte: <a href=\"https:\/\/dre.pt\">https:\/\/dre.pt<\/a><\/p>\n","protected":false},"excerpt":{"rendered":"<p>Di\u00e1rio da Rep\u00fablica n.\u00ba 217\/2020, S\u00e9rie II de 2020-11-06 Sa\u00fade &#8211; Gabinete da Ministra Determina que os hospitais do SNS garantem a ativa\u00e7\u00e3o do n\u00edvel dos planos de conting\u00eancia institucionais, previamente aprovados, que assegure a resposta \u00e0s necessidades epidemiol\u00f3gicas locais e equilibre o esfor\u00e7o assistencial regional e inter-regional, designadamente, suspendendo, &hellip; <\/p>\n","protected":false},"featured_media":0,"parent":0,"template":"","legis_areas":[220],"juris_datas":[272],"temas":[],"class_list":["post-7651","legis","type-legis","status-publish","hentry","legis_areas-legislacao-covid-19","juris_datas-02-10-a-08-11-de-2020"],"acf":[],"_links":{"self":[{"href":"https:\/\/crlisboa.org\/wp\/wp-json\/wp\/v2\/legis\/7651","targetHints":{"allow":["GET"]}}],"collection":[{"href":"https:\/\/crlisboa.org\/wp\/wp-json\/wp\/v2\/legis"}],"about":[{"href":"https:\/\/crlisboa.org\/wp\/wp-json\/wp\/v2\/types\/legis"}],"wp:attachment":[{"href":"https:\/\/crlisboa.org\/wp\/wp-json\/wp\/v2\/media?parent=7651"}],"wp:term":[{"taxonomy":"legis_areas","embeddable":true,"href":"https:\/\/crlisboa.org\/wp\/wp-json\/wp\/v2\/legis_areas?post=7651"},{"taxonomy":"juris_datas","embeddable":true,"href":"https:\/\/crlisboa.org\/wp\/wp-json\/wp\/v2\/juris_datas?post=7651"},{"taxonomy":"temas","embeddable":true,"href":"https:\/\/crlisboa.org\/wp\/wp-json\/wp\/v2\/temas?post=7651"}],"curies":[{"name":"wp","href":"https:\/\/api.w.org\/{rel}","templated":true}]}}

DESPACHO N.º 10921/2020

<p><strong>Diário da República n.º 217/2020, Série II de 2020-11-06</strong></p>
<p>Saúde &#8211; Gabinete da Ministra</p>
<p>Determina que os hospitais do SNS garantem a ativação do nível dos planos de contingência institucionais, previamente aprovados, que assegure a resposta às necessidades epidemiológicas locais e equilibre o esforço assistencial regional e inter-regional, designadamente, suspendendo, durante o mês de novembro de 2020, a atividade assistencial não urgente que, pela sua natureza ou prioridade clínica, não implique risco de vida para os utentes, limitação do seu prognóstico e/ou limitação de acesso a tratamentos periódicos ou de vigilância</p>
<p>Fonte: <a href="https://dre.pt">https://dre.pt</a></p>

<p>Diário da República n.º 217/2020, Série II de 2020-11-06 Saúde &#8211; Gabinete da Ministra Determina que os hospitais do SNS garantem a ativação do nível dos planos de contingência institucionais, previamente aprovados, que assegure a resposta às necessidades epidemiológicas locais e equilibre o esforço assistencial regional e inter-regional, designadamente, suspendendo, &hellip; </p>
