{"id":15844,"date":"2022-01-31T16:02:23","date_gmt":"2022-01-31T15:02:23","guid":{"rendered":"https:\/\/crlisboa.org\/wp\/?post_type=legis&#038;p=15844"},"modified":"2022-01-31T16:02:23","modified_gmt":"2022-01-31T15:02:23","slug":"resolucao-do-conselho-de-ministros-n-o-12-2022","status":"publish","type":"legis","link":"https:\/\/crlisboa.org\/wp\/legis\/resolucao-do-conselho-de-ministros-n-o-12-2022\/","title":{"rendered":"RESOLU\u00c7\u00c3O DO CONSELHO DE MINISTROS N.\u00ba 12\/2022"},"content":{"rendered":"<p><strong>Di\u00e1rio da Rep\u00fablica n.\u00ba 18\/2022, S\u00e9rie I de 2022-01-26, p\u00e1ginas 18 \u2013 19<\/strong><\/p>\n<p>Presid\u00eancia do Conselho de Ministros<\/p>\n<p>Autoriza a realiza\u00e7\u00e3o da despesa referente \u00e0 aquisi\u00e7\u00e3o das vacinas e tuberculinas, no \u00e2mbito do Programa Nacional de Vacina\u00e7\u00e3o 2022<\/p>\n","protected":false},"excerpt":{"rendered":"<p>Di\u00e1rio da Rep\u00fablica n.\u00ba 18\/2022, S\u00e9rie I de 2022-01-26, p\u00e1ginas 18 \u2013 19 Presid\u00eancia do Conselho de Ministros Autoriza a realiza\u00e7\u00e3o da despesa referente \u00e0 aquisi\u00e7\u00e3o das vacinas e tuberculinas, no \u00e2mbito do Programa Nacional de Vacina\u00e7\u00e3o 2022<\/p>\n","protected":false},"featured_media":0,"parent":0,"template":"","legis_areas":[220],"juris_datas":[453],"temas":[],"class_list":["post-15844","legis","type-legis","status-publish","hentry","legis_areas-legislacao-covid-19","juris_datas-24-01-a-30-01-de-2022"],"acf":[],"_links":{"self":[{"href":"https:\/\/crlisboa.org\/wp\/wp-json\/wp\/v2\/legis\/15844","targetHints":{"allow":["GET"]}}],"collection":[{"href":"https:\/\/crlisboa.org\/wp\/wp-json\/wp\/v2\/legis"}],"about":[{"href":"https:\/\/crlisboa.org\/wp\/wp-json\/wp\/v2\/types\/legis"}],"wp:attachment":[{"href":"https:\/\/crlisboa.org\/wp\/wp-json\/wp\/v2\/media?parent=15844"}],"wp:term":[{"taxonomy":"legis_areas","embeddable":true,"href":"https:\/\/crlisboa.org\/wp\/wp-json\/wp\/v2\/legis_areas?post=15844"},{"taxonomy":"juris_datas","embeddable":true,"href":"https:\/\/crlisboa.org\/wp\/wp-json\/wp\/v2\/juris_datas?post=15844"},{"taxonomy":"temas","embeddable":true,"href":"https:\/\/crlisboa.org\/wp\/wp-json\/wp\/v2\/temas?post=15844"}],"curies":[{"name":"wp","href":"https:\/\/api.w.org\/{rel}","templated":true}]}}

RESOLUÇÃO DO CONSELHO DE MINISTROS N.º 12/2022

<p><strong>Diário da República n.º 18/2022, Série I de 2022-01-26, páginas 18 – 19</strong></p>
<p>Presidência do Conselho de Ministros</p>
<p>Autoriza a realização da despesa referente à aquisição das vacinas e tuberculinas, no âmbito do Programa Nacional de Vacinação 2022</p>

<p>Diário da República n.º 18/2022, Série I de 2022-01-26, páginas 18 – 19 Presidência do Conselho de Ministros Autoriza a realização da despesa referente à aquisição das vacinas e tuberculinas, no âmbito do Programa Nacional de Vacinação 2022</p>
