{"id":9577,"date":"2021-03-04T13:09:28","date_gmt":"2021-03-04T12:09:28","guid":{"rendered":"https:\/\/crlisboa.org\/wp\/?post_type=juris&#038;p=9577"},"modified":"2021-03-04T15:44:49","modified_gmt":"2021-03-04T14:44:49","slug":"processo-n-o-3642-19-7t8gmr-g1","status":"publish","type":"juris","link":"https:\/\/crlisboa.org\/wp\/juris\/processo-n-o-3642-19-7t8gmr-g1\/","title":{"rendered":"PROCESSO N.\u00ba 3642\/19.7T8GMR.G1"},"content":{"rendered":"<p><strong>Data<\/strong><br \/>\n3 de dezembro de 2020<\/p>\n<p><strong>Descritores<\/strong><br \/>\nNulidade da senten\u00e7a<br \/>\nInadequa\u00e7\u00e3o do meio processual<br \/>\nAc\u00e7\u00e3o especial de reconhecimento de exist\u00eancia de contrato de trabalho<\/p>\n<p><strong>Sum\u00e1rio<\/strong><br \/>\n<strong>I<\/strong> \u2013 A nulidade da senten\u00e7a por omiss\u00e3o de pron\u00fancia s\u00f3 ocorre quando fique por decidir alguma das quest\u00f5es suscitadas pelas partes, o que n\u00e3o sucede quando o tribunal n\u00e3o se debruce sobre simples conclus\u00f5es, argumentos, opini\u00f5es, factualidade irrelevante ou contradit\u00f3ria com outra apurada.<br \/>\n<strong><br \/>\nII<\/strong> \u2013 A ac\u00e7\u00e3o especial de reconhecimento da exist\u00eancia de contrato de trabalho \u00e9 uma ac\u00e7\u00e3o de simples aprecia\u00e7\u00e3o positiva, cujo objecto n\u00e3o se esgota com a celebra\u00e7\u00e3o em data posterior \u00e0 visita inspectiva da ACT, de um contrato de trabalho com efeitos reportados a uma data posterior \u00e0 da visita.<\/p>\n<p><strong>III<\/strong> \u2013 O contrato de trabalho celebrado entre empregador e trabalhador s\u00f3 inutilizar\u00e1 a ac\u00e7\u00e3o de reconhecimento da exist\u00eancia de contrato de trabalho, se for reconhecido pelos outorgantes e exist\u00eancia do contrato de trabalho nos precisos termos peticionados pelo Minist\u00e9rio P\u00fablico, ou seja, desde a data indicada na peti\u00e7\u00e3o inicial ou numa outra anterior a esta.<\/p>\n<p><strong>IV<\/strong> \u2013 Estando por reconhecer a rela\u00e7\u00e3o estabelecida entre trabalhador e empregador desde o in\u00edcio da rela\u00e7\u00e3o contratual e at\u00e9 31-12-2018, de forma a fixar-se a data de in\u00edcio da rela\u00e7\u00e3o laboral em conformidade com o previsto no art.\u00ba 186.\u00ba-O, n\u00bas. 8 e 9 do CPT., que deve ser comunicada \u00e0 ACT e ao Instituto da Seguran\u00e7a Social, com vista \u00e0 regulariza\u00e7\u00e3o das contribui\u00e7\u00f5es, \u00e9 de concluir pela manuten\u00e7\u00e3o da utilidade da ac\u00e7\u00e3o.<\/p>\n<p><strong>V<\/strong> \u2013 A defesa do interesse p\u00fablico, no caso, n\u00e3o se esgotou com reconhecimento do contrato de trabalho com in\u00edcio em data posterior aos factos constatados pela ACT aquando das visitas levadas a cabo no \u00e2mbito da ac\u00e7\u00e3o de fiscaliza\u00e7\u00e3o, mantendo-se assim o interesse em agir do Minist\u00e9rio P\u00fablico, que transcende o interesse particular do pr\u00f3prio trabalhador.<\/p>\n<p><strong>VI<\/strong> \u2013 Decorre do disposto no art.\u00ba 12.\u00ba do CT, que presume-se a exist\u00eancia de um contrato de trabalho sempre que ocorram alguns dos seguintes ind\u00edcios: o local de trabalho coincidir com instala\u00e7\u00f5es do benefici\u00e1rio da actividade ou por ele controladas [al. a) do n.\u00ba 1]; a perten\u00e7a ao benefici\u00e1rio da actividade dos equipamentos e instrumentos de trabalho [al.b) do n.\u00ba 1]; a exist\u00eancia de hor\u00e1rio de trabalho [al.c) do n.\u00ba 1]; o car\u00e1cter peri\u00f3dico da retribui\u00e7\u00e3o paga como contrapartida da actividade [al. d) do n.\u00ba 1]; o desempenho de fun\u00e7\u00f5es de direc\u00e7\u00e3o ou chefia na empresa pela prestador da actividade [al.e) do n.\u00ba 1 do art.\u00ba 12.\u00ba].<\/p>\n<p><strong>VII<\/strong> \u2013 Tendo estes ind\u00edcios natureza meramente exemplificativa, teoricamente basta que se verifiquem dois destes ind\u00edcios para que se possa presumir a exist\u00eancia de um contrato de trabalho.<br \/>\n<strong><br \/>\nVIII <\/strong>\u2013 \u00c9 de reconhecer a exist\u00eancia de contrato de trabalho quando se verifique a exist\u00eancia de quatro dos cinco indicadores de laboralidade, elencados na presun\u00e7\u00e3o legal do art. 12.\u00bado CT, que a R\u00e9 n\u00e3o afastou, j\u00e1 que dos factos provados n\u00e3o resulta que a presta\u00e7\u00e3o da actividade tivesse sido exercida de modo aut\u00f3nomo, caracter\u00edstico da presta\u00e7\u00e3o de servi\u00e7o.<\/p>\n<p>Fonte: <a href=\"https:\/\/www.dgsi.pt\">https:\/\/www.dgsi.pt<\/a><\/p>\n","protected":false},"excerpt":{"rendered":"<p>Data 3 de dezembro de 2020 Descritores Nulidade da senten\u00e7a Inadequa\u00e7\u00e3o do meio processual Ac\u00e7\u00e3o especial de reconhecimento de exist\u00eancia de contrato de trabalho Sum\u00e1rio I \u2013 A nulidade da senten\u00e7a por omiss\u00e3o de pron\u00fancia s\u00f3 ocorre quando fique por decidir alguma das quest\u00f5es suscitadas pelas partes, o que n\u00e3o &hellip; <\/p>\n","protected":false},"featured_media":0,"parent":0,"template":"","juris_areas":[228],"juris_datas":[],"temas":[359],"class_list":["post-9577","juris","type-juris","status-publish","hentry","juris_areas-tribunal-da-relacao-de-guimaraes","temas-laboral"],"acf":[],"_links":{"self":[{"href":"https:\/\/crlisboa.org\/wp\/wp-json\/wp\/v2\/juris\/9577","targetHints":{"allow":["GET"]}}],"collection":[{"href":"https:\/\/crlisboa.org\/wp\/wp-json\/wp\/v2\/juris"}],"about":[{"href":"https:\/\/crlisboa.org\/wp\/wp-json\/wp\/v2\/types\/juris"}],"wp:attachment":[{"href":"https:\/\/crlisboa.org\/wp\/wp-json\/wp\/v2\/media?parent=9577"}],"wp:term":[{"taxonomy":"juris_areas","embeddable":true,"href":"https:\/\/crlisboa.org\/wp\/wp-json\/wp\/v2\/juris_areas?post=9577"},{"taxonomy":"juris_datas","embeddable":true,"href":"https:\/\/crlisboa.org\/wp\/wp-json\/wp\/v2\/juris_datas?post=9577"},{"taxonomy":"temas","embeddable":true,"href":"https:\/\/crlisboa.org\/wp\/wp-json\/wp\/v2\/temas?post=9577"}],"curies":[{"name":"wp","href":"https:\/\/api.w.org\/{rel}","templated":true}]}}

PROCESSO N.º 3642/19.7T8GMR.G1

<p><strong>Data</strong><br />
3 de dezembro de 2020</p>
<p><strong>Descritores</strong><br />
Nulidade da sentença<br />
Inadequação do meio processual<br />
Acção especial de reconhecimento de existência de contrato de trabalho</p>
<p><strong>Sumário</strong><br />
<strong>I</strong> – A nulidade da sentença por omissão de pronúncia só ocorre quando fique por decidir alguma das questões suscitadas pelas partes, o que não sucede quando o tribunal não se debruce sobre simples conclusões, argumentos, opiniões, factualidade irrelevante ou contraditória com outra apurada.<br />
<strong><br />
II</strong> – A acção especial de reconhecimento da existência de contrato de trabalho é uma acção de simples apreciação positiva, cujo objecto não se esgota com a celebração em data posterior à visita inspectiva da ACT, de um contrato de trabalho com efeitos reportados a uma data posterior à da visita.</p>
<p><strong>III</strong> – O contrato de trabalho celebrado entre empregador e trabalhador só inutilizará a acção de reconhecimento da existência de contrato de trabalho, se for reconhecido pelos outorgantes e existência do contrato de trabalho nos precisos termos peticionados pelo Ministério Público, ou seja, desde a data indicada na petição inicial ou numa outra anterior a esta.</p>
<p><strong>IV</strong> – Estando por reconhecer a relação estabelecida entre trabalhador e empregador desde o início da relação contratual e até 31-12-2018, de forma a fixar-se a data de início da relação laboral em conformidade com o previsto no art.º 186.º-O, nºs. 8 e 9 do CPT., que deve ser comunicada à ACT e ao Instituto da Segurança Social, com vista à regularização das contribuições, é de concluir pela manutenção da utilidade da acção.</p>
<p><strong>V</strong> – A defesa do interesse público, no caso, não se esgotou com reconhecimento do contrato de trabalho com início em data posterior aos factos constatados pela ACT aquando das visitas levadas a cabo no âmbito da acção de fiscalização, mantendo-se assim o interesse em agir do Ministério Público, que transcende o interesse particular do próprio trabalhador.</p>
<p><strong>VI</strong> – Decorre do disposto no art.º 12.º do CT, que presume-se a existência de um contrato de trabalho sempre que ocorram alguns dos seguintes indícios: o local de trabalho coincidir com instalações do beneficiário da actividade ou por ele controladas [al. a) do n.º 1]; a pertença ao beneficiário da actividade dos equipamentos e instrumentos de trabalho [al.b) do n.º 1]; a existência de horário de trabalho [al.c) do n.º 1]; o carácter periódico da retribuição paga como contrapartida da actividade [al. d) do n.º 1]; o desempenho de funções de direcção ou chefia na empresa pela prestador da actividade [al.e) do n.º 1 do art.º 12.º].</p>
<p><strong>VII</strong> – Tendo estes indícios natureza meramente exemplificativa, teoricamente basta que se verifiquem dois destes indícios para que se possa presumir a existência de um contrato de trabalho.<br />
<strong><br />
VIII </strong>– É de reconhecer a existência de contrato de trabalho quando se verifique a existência de quatro dos cinco indicadores de laboralidade, elencados na presunção legal do art. 12.ºdo CT, que a Ré não afastou, já que dos factos provados não resulta que a prestação da actividade tivesse sido exercida de modo autónomo, característico da prestação de serviço.</p>
<p>Fonte: <a href="https://www.dgsi.pt">https://www.dgsi.pt</a></p>

<p>Data 3 de dezembro de 2020 Descritores Nulidade da sentença Inadequação do meio processual Acção especial de reconhecimento de existência de contrato de trabalho Sumário I – A nulidade da sentença por omissão de pronúncia só ocorre quando fique por decidir alguma das questões suscitadas pelas partes, o que não &hellip; </p>
