{"id":9324,"date":"2021-02-22T11:00:05","date_gmt":"2021-02-22T10:00:05","guid":{"rendered":"https:\/\/crlisboa.org\/wp\/?post_type=juris&#038;p=9324"},"modified":"2021-02-22T11:00:05","modified_gmt":"2021-02-22T10:00:05","slug":"processo-n-o-c-760-18","status":"publish","type":"juris","link":"https:\/\/crlisboa.org\/wp\/juris\/processo-n-o-c-760-18\/","title":{"rendered":"PROCESSO N.\u00ba C-760\/18"},"content":{"rendered":"<p>Ac\u00f3rd\u00e3o do Tribunal de Justi\u00e7a (S\u00e9tima Sec\u00e7\u00e3o)<\/p>\n<p><strong>Data<\/strong><br \/>\n11 de fevereiro de 2021<\/p>\n<p>\u00abReenvio prejudicial \u2014 Pol\u00edtica social \u2014 Diretiva 1999\/70\/CE \u2014 Acordo\u2011quadro CES, UNICE e CEEP relativo a contratos de trabalho a termo \u2014 Artigo 5.\u00ba \u2014 Medidas destinadas a evitar os abusos decorrentes da utiliza\u00e7\u00e3o de sucessivos contratos de trabalho ou rela\u00e7\u00f5es laborais a termo \u2014 Contratos de trabalho a termo no setor p\u00fablico \u2014 Sucess\u00e3o de contratos ou prorroga\u00e7\u00e3o do primeiro contrato \u2014 Medida legal equivalente \u2014 Proibi\u00e7\u00e3o constitucional absoluta de converter contratos de trabalho a termo em contratos por tempo indeterminado \u2014 Obriga\u00e7\u00e3o de interpreta\u00e7\u00e3o conforme\u00bb<\/p>\n<p>Fonte: <a href=\"http:\/\/curia.europa.eu\">http:\/\/curia.europa.eu<\/a><\/p>\n","protected":false},"excerpt":{"rendered":"<p>Ac\u00f3rd\u00e3o do Tribunal de Justi\u00e7a (S\u00e9tima Sec\u00e7\u00e3o) Data 11 de fevereiro de 2021 \u00abReenvio prejudicial \u2014 Pol\u00edtica social \u2014 Diretiva 1999\/70\/CE \u2014 Acordo\u2011quadro CES, UNICE e CEEP relativo a contratos de trabalho a termo \u2014 Artigo 5.\u00ba \u2014 Medidas destinadas a evitar os abusos decorrentes da utiliza\u00e7\u00e3o de sucessivos contratos &hellip; <\/p>\n","protected":false},"featured_media":0,"parent":0,"template":"","juris_areas":[230],"juris_datas":[357],"temas":[],"class_list":["post-9324","juris","type-juris","status-publish","hentry","juris_areas-tribunal-de-justica-da-uniao-europeia","juris_datas-17-02-a-21-02-de-2021"],"acf":[],"_links":{"self":[{"href":"https:\/\/crlisboa.org\/wp\/wp-json\/wp\/v2\/juris\/9324","targetHints":{"allow":["GET"]}}],"collection":[{"href":"https:\/\/crlisboa.org\/wp\/wp-json\/wp\/v2\/juris"}],"about":[{"href":"https:\/\/crlisboa.org\/wp\/wp-json\/wp\/v2\/types\/juris"}],"wp:attachment":[{"href":"https:\/\/crlisboa.org\/wp\/wp-json\/wp\/v2\/media?parent=9324"}],"wp:term":[{"taxonomy":"juris_areas","embeddable":true,"href":"https:\/\/crlisboa.org\/wp\/wp-json\/wp\/v2\/juris_areas?post=9324"},{"taxonomy":"juris_datas","embeddable":true,"href":"https:\/\/crlisboa.org\/wp\/wp-json\/wp\/v2\/juris_datas?post=9324"},{"taxonomy":"temas","embeddable":true,"href":"https:\/\/crlisboa.org\/wp\/wp-json\/wp\/v2\/temas?post=9324"}],"curies":[{"name":"wp","href":"https:\/\/api.w.org\/{rel}","templated":true}]}}

PROCESSO N.º C-760/18

<p>Acórdão do Tribunal de Justiça (Sétima Secção)</p>
<p><strong>Data</strong><br />
11 de fevereiro de 2021</p>
<p>«Reenvio prejudicial — Política social — Diretiva 1999/70/CE — Acordo‑quadro CES, UNICE e CEEP relativo a contratos de trabalho a termo — Artigo 5.º — Medidas destinadas a evitar os abusos decorrentes da utilização de sucessivos contratos de trabalho ou relações laborais a termo — Contratos de trabalho a termo no setor público — Sucessão de contratos ou prorrogação do primeiro contrato — Medida legal equivalente — Proibição constitucional absoluta de converter contratos de trabalho a termo em contratos por tempo indeterminado — Obrigação de interpretação conforme»</p>
<p>Fonte: <a href="http://curia.europa.eu">http://curia.europa.eu</a></p>

<p>Acórdão do Tribunal de Justiça (Sétima Secção) Data 11 de fevereiro de 2021 «Reenvio prejudicial — Política social — Diretiva 1999/70/CE — Acordo‑quadro CES, UNICE e CEEP relativo a contratos de trabalho a termo — Artigo 5.º — Medidas destinadas a evitar os abusos decorrentes da utilização de sucessivos contratos &hellip; </p>
