{"id":9207,"date":"2021-02-08T11:29:26","date_gmt":"2021-02-08T10:29:26","guid":{"rendered":"https:\/\/crlisboa.org\/wp\/?post_type=juris&#038;p=9207"},"modified":"2021-02-08T11:29:26","modified_gmt":"2021-02-08T10:29:26","slug":"processo-n-o-13-20","status":"publish","type":"juris","link":"https:\/\/crlisboa.org\/wp\/juris\/processo-n-o-13-20\/","title":{"rendered":"PROCESSO N.\u00ba 13\/20"},"content":{"rendered":"<p>Di\u00e1rio da Rep\u00fablica n.\u00ba 24\/2021, S\u00e9rie II de 2021-02-04<\/p>\n<p><strong>Data<\/strong><br \/>\n17 de dezembro de 2020<\/p>\n<p>Ac\u00f3rd\u00e3o n.\u00ba 754\/2020<br \/>\nTribunal Constitucional<\/p>\n<p><strong>Descritores<\/strong><br \/>\nLei Org\u00e2nica n.\u00ba 1\/2018, de 19 de abril<br \/>\nArtigos 12.\u00ba, n.\u00ba 3, al\u00ednea c), subal\u00ednea i), ex vi do artigo 15.\u00ba, n.\u00ba 1, e 19.\u00ba, n.\u00ba 2, da Lei n.\u00ba 19\/2003, de 20 de junho (Lei Financiamento dos Partidos Pol\u00edticos e das Campanhas Eleitorais)<br \/>\n[nossa autoria]\n<p>Sum\u00e1rio<br \/>\nJulga procedente o recurso interposto de decis\u00e3o da Entidade das Contas e Financiamentos Pol\u00edticos, que julgou prestadas, com irregularidades, as contas apresentadas pela candidatura de Edgar Freitas Gomes da Silva, relativas \u00e0 campanha eleitoral para a elei\u00e7\u00e3o para Presidente da Rep\u00fablica, realizada em 24 de janeiro de 2016<\/p>\n<p>&nbsp;<\/p>\n<p>Fonte: <a href=\"https:\/\/dre.pt\/\">https:\/\/dre.pt\/<\/a><\/p>\n","protected":false},"excerpt":{"rendered":"<p>Di\u00e1rio da Rep\u00fablica n.\u00ba 24\/2021, S\u00e9rie II de 2021-02-04 Data 17 de dezembro de 2020 Ac\u00f3rd\u00e3o n.\u00ba 754\/2020 Tribunal Constitucional Descritores Lei Org\u00e2nica n.\u00ba 1\/2018, de 19 de abril Artigos 12.\u00ba, n.\u00ba 3, al\u00ednea c), subal\u00ednea i), ex vi do artigo 15.\u00ba, n.\u00ba 1, e 19.\u00ba, n.\u00ba 2, da Lei &hellip; <\/p>\n","protected":false},"featured_media":0,"parent":0,"template":"","juris_areas":[229],"juris_datas":[354],"temas":[],"class_list":["post-9207","juris","type-juris","status-publish","hentry","juris_areas-publicada-em-diario-da-republica","juris_datas-01-02-a-07-02-de-2021"],"acf":[],"_links":{"self":[{"href":"https:\/\/crlisboa.org\/wp\/wp-json\/wp\/v2\/juris\/9207","targetHints":{"allow":["GET"]}}],"collection":[{"href":"https:\/\/crlisboa.org\/wp\/wp-json\/wp\/v2\/juris"}],"about":[{"href":"https:\/\/crlisboa.org\/wp\/wp-json\/wp\/v2\/types\/juris"}],"wp:attachment":[{"href":"https:\/\/crlisboa.org\/wp\/wp-json\/wp\/v2\/media?parent=9207"}],"wp:term":[{"taxonomy":"juris_areas","embeddable":true,"href":"https:\/\/crlisboa.org\/wp\/wp-json\/wp\/v2\/juris_areas?post=9207"},{"taxonomy":"juris_datas","embeddable":true,"href":"https:\/\/crlisboa.org\/wp\/wp-json\/wp\/v2\/juris_datas?post=9207"},{"taxonomy":"temas","embeddable":true,"href":"https:\/\/crlisboa.org\/wp\/wp-json\/wp\/v2\/temas?post=9207"}],"curies":[{"name":"wp","href":"https:\/\/api.w.org\/{rel}","templated":true}]}}

PROCESSO N.º 13/20

<p>Diário da República n.º 24/2021, Série II de 2021-02-04</p>
<p><strong>Data</strong><br />
17 de dezembro de 2020</p>
<p>Acórdão n.º 754/2020<br />
Tribunal Constitucional</p>
<p><strong>Descritores</strong><br />
Lei Orgânica n.º 1/2018, de 19 de abril<br />
Artigos 12.º, n.º 3, alínea c), subalínea i), ex vi do artigo 15.º, n.º 1, e 19.º, n.º 2, da Lei n.º 19/2003, de 20 de junho (Lei Financiamento dos Partidos Políticos e das Campanhas Eleitorais)<br />
[nossa autoria]
<p>Sumário<br />
Julga procedente o recurso interposto de decisão da Entidade das Contas e Financiamentos Políticos, que julgou prestadas, com irregularidades, as contas apresentadas pela candidatura de Edgar Freitas Gomes da Silva, relativas à campanha eleitoral para a eleição para Presidente da República, realizada em 24 de janeiro de 2016</p>
<p>&nbsp;</p>
<p>Fonte: <a href="https://dre.pt/">https://dre.pt/</a></p>

<p>Diário da República n.º 24/2021, Série II de 2021-02-04 Data 17 de dezembro de 2020 Acórdão n.º 754/2020 Tribunal Constitucional Descritores Lei Orgânica n.º 1/2018, de 19 de abril Artigos 12.º, n.º 3, alínea c), subalínea i), ex vi do artigo 15.º, n.º 1, e 19.º, n.º 2, da Lei &hellip; </p>
