{"id":8037,"date":"2020-12-04T11:20:20","date_gmt":"2020-12-04T10:20:20","guid":{"rendered":"https:\/\/crlisboa.org\/wp\/?post_type=juris&#038;p=8037"},"modified":"2020-12-04T17:25:17","modified_gmt":"2020-12-04T16:25:17","slug":"processo-n-o-984-2018","status":"publish","type":"juris","link":"https:\/\/crlisboa.org\/wp\/juris\/processo-n-o-984-2018\/","title":{"rendered":"PROCESSO N.\u00ba 984\/2018"},"content":{"rendered":"<p><strong>Ac\u00f3rd\u00e3o n.\u00ba 299\/2020<\/strong><\/p>\n<p>Data<br \/>\n16 de junho de 2020<\/p>\n<p><strong>Descritores<\/strong><br \/>\nInconstitucionalidade<br \/>\nFor\u00e7a obrigat\u00f3ria geral<br \/>\nN.\u00ba 8 do artigo 1091.\u00ba do C\u00f3digo Civil (na reda\u00e7\u00e3o dada pela Lei n.\u00ba 64\/2018, de 29 de outubro)<br \/>\nN.\u00ba 1 do artigo 62.\u00ba da Constitui\u00e7\u00e3o da Rep\u00fablica Portuguesa<br \/>\nN.\u00ba 2 do artigo 18.\u00ba da Constitui\u00e7\u00e3o da Rep\u00fablica Portuguesa<br \/>\n[nossa autoria]\n<p><strong>Vota\u00e7\u00e3o<\/strong><br \/>\ncom voto de vencido<\/p>\n<p><strong>Sum\u00e1rio<\/strong><br \/>\n<strong>\u201cIII &#8211; Decis\u00e3o<\/strong><\/p>\n<p>Pelo exposto, o Tribunal Constitucional declara, com for\u00e7a obrigat\u00f3ria geral, a inconstitucionalidade da norma constante do n.\u00ba 8 do artigo 1091.\u00ba do C\u00f3digo Civil, na reda\u00e7\u00e3o dada pela Lei n.\u00ba 64\/2018, de 29 de outubro, por viola\u00e7\u00e3o do n.\u00ba 1 do artigo 62.\u00ba, em conjuga\u00e7\u00e3o com o n.\u00ba 2 do artigo 18.\u00ba, da Constitui\u00e7\u00e3o.\u201d<\/p>\n<p>Fonte: <a href=\"https:\/\/www.tribunalconstitucional.pt\">https:\/\/www.tribunalconstitucional.pt<\/a><\/p>\n","protected":false},"excerpt":{"rendered":"<p>Ac\u00f3rd\u00e3o n.\u00ba 299\/2020 Data 16 de junho de 2020 Descritores Inconstitucionalidade For\u00e7a obrigat\u00f3ria geral N.\u00ba 8 do artigo 1091.\u00ba do C\u00f3digo Civil (na reda\u00e7\u00e3o dada pela Lei n.\u00ba 64\/2018, de 29 de outubro) N.\u00ba 1 do artigo 62.\u00ba da Constitui\u00e7\u00e3o da Rep\u00fablica Portuguesa N.\u00ba 2 do artigo 18.\u00ba da Constitui\u00e7\u00e3o &hellip; <\/p>\n","protected":false},"featured_media":0,"parent":0,"template":"","juris_areas":[225],"juris_datas":[],"temas":[280],"class_list":["post-8037","juris","type-juris","status-publish","hentry","juris_areas-tribunal-constitucional","temas-arrendamento"],"acf":[],"_links":{"self":[{"href":"https:\/\/crlisboa.org\/wp\/wp-json\/wp\/v2\/juris\/8037","targetHints":{"allow":["GET"]}}],"collection":[{"href":"https:\/\/crlisboa.org\/wp\/wp-json\/wp\/v2\/juris"}],"about":[{"href":"https:\/\/crlisboa.org\/wp\/wp-json\/wp\/v2\/types\/juris"}],"wp:attachment":[{"href":"https:\/\/crlisboa.org\/wp\/wp-json\/wp\/v2\/media?parent=8037"}],"wp:term":[{"taxonomy":"juris_areas","embeddable":true,"href":"https:\/\/crlisboa.org\/wp\/wp-json\/wp\/v2\/juris_areas?post=8037"},{"taxonomy":"juris_datas","embeddable":true,"href":"https:\/\/crlisboa.org\/wp\/wp-json\/wp\/v2\/juris_datas?post=8037"},{"taxonomy":"temas","embeddable":true,"href":"https:\/\/crlisboa.org\/wp\/wp-json\/wp\/v2\/temas?post=8037"}],"curies":[{"name":"wp","href":"https:\/\/api.w.org\/{rel}","templated":true}]}}

PROCESSO N.º 984/2018

<p><strong>Acórdão n.º 299/2020</strong></p>
<p>Data<br />
16 de junho de 2020</p>
<p><strong>Descritores</strong><br />
Inconstitucionalidade<br />
Força obrigatória geral<br />
N.º 8 do artigo 1091.º do Código Civil (na redação dada pela Lei n.º 64/2018, de 29 de outubro)<br />
N.º 1 do artigo 62.º da Constituição da República Portuguesa<br />
N.º 2 do artigo 18.º da Constituição da República Portuguesa<br />
[nossa autoria]
<p><strong>Votação</strong><br />
com voto de vencido</p>
<p><strong>Sumário</strong><br />
<strong>“III &#8211; Decisão</strong></p>
<p>Pelo exposto, o Tribunal Constitucional declara, com força obrigatória geral, a inconstitucionalidade da norma constante do n.º 8 do artigo 1091.º do Código Civil, na redação dada pela Lei n.º 64/2018, de 29 de outubro, por violação do n.º 1 do artigo 62.º, em conjugação com o n.º 2 do artigo 18.º, da Constituição.”</p>
<p>Fonte: <a href="https://www.tribunalconstitucional.pt">https://www.tribunalconstitucional.pt</a></p>

<p>Acórdão n.º 299/2020 Data 16 de junho de 2020 Descritores Inconstitucionalidade Força obrigatória geral N.º 8 do artigo 1091.º do Código Civil (na redação dada pela Lei n.º 64/2018, de 29 de outubro) N.º 1 do artigo 62.º da Constituição da República Portuguesa N.º 2 do artigo 18.º da Constituição &hellip; </p>
