{"id":8035,"date":"2020-12-04T11:05:48","date_gmt":"2020-12-04T10:05:48","guid":{"rendered":"https:\/\/crlisboa.org\/wp\/?post_type=juris&#038;p=8035"},"modified":"2020-12-04T16:50:50","modified_gmt":"2020-12-04T15:50:50","slug":"processo-n-o-850-14","status":"publish","type":"juris","link":"https:\/\/crlisboa.org\/wp\/juris\/processo-n-o-850-14\/","title":{"rendered":"PROCESSO N.\u00ba 850\/14"},"content":{"rendered":"<p><strong>Ac\u00f3rd\u00e3o n.\u00ba 327\/2018<\/strong><\/p>\n<p><strong>Data<\/strong><br \/>\n27 de junho de 2018<\/p>\n<p><strong>Descritores<\/strong><br \/>\nN.<sup>os <\/sup>4 e 5 do artigo 14.\u00ba da Lei n.\u00ba 6\/2006, de 27 de fevereiro, alterado pela Lei n.\u00ba 31\/2012, de 14 de agosto<br \/>\nN.<sup>os<\/sup> 1 e 4 do artigo 20.\u00ba da Constitui\u00e7\u00e3o da Rep\u00fablica Portuguesa<br \/>\n[nossa autoria]\n<p><strong>Sum\u00e1rio<\/strong><\/p>\n<p>\u201c<strong>III \u2013 Decis\u00e3o<\/strong><\/p>\n<p>Nestes termos, decide-se:<\/p>\n<p><em>a<\/em>) Interpretar o artigo 14.\u00ba, n.\u00ba 4 da Lei n.\u00ba 6\/2006, de 27 de fevereiro, alterado pela Lei n.\u00ba 31\/2012, de 14 de agosto, em conson\u00e2ncia com o n.\u00ba 5 do mesmo artigo, em conformidade com princ\u00edpio da proibi\u00e7\u00e3o da indefesa, consagrado no artigo 20.\u00ba, n.\u00bas 1 e 4 da Constitui\u00e7\u00e3o, no sentido de que o despejo imediato com fundamento em falta de pagamento de rendas vencidas na pend\u00eancia da a\u00e7\u00e3o nele previsto n\u00e3o \u00e9 autom\u00e1tico, sendo o seu requerimento livremente apreciado pelo juiz, pelo que, nos casos em que na a\u00e7\u00e3o de despejo persista controv\u00e9rsia quanto \u00e0 exist\u00eancia ou exigibilidade do pr\u00f3prio dever de pagamento de renda, o r\u00e9u n\u00e3o deve ser impedido de exercer o contradit\u00f3rio mediante a utiliza\u00e7\u00e3o dos correspondentes meios de defesa.<\/p>\n<p><em>b) <\/em>E, em consequ\u00eancia, julgar procedente o presente recurso, ordenando a reforma da decis\u00e3o recorrida de modo a aplicar o artigo 14.\u00ba, n.\u00ba 4 da Lei n.\u00ba 6\/2006, de 27 de fevereiro, com o sentido interpretativo fixado em a).\u201d<\/p>\n<p>Fonte: <a href=\"https:\/\/www.tribunalconstitucional.pt\">https:\/\/www.tribunalconstitucional.pt<\/a><\/p>\n","protected":false},"excerpt":{"rendered":"<p>Ac\u00f3rd\u00e3o n.\u00ba 327\/2018 Data 27 de junho de 2018 Descritores N.os 4 e 5 do artigo 14.\u00ba da Lei n.\u00ba 6\/2006, de 27 de fevereiro, alterado pela Lei n.\u00ba 31\/2012, de 14 de agosto N.os 1 e 4 do artigo 20.\u00ba da Constitui\u00e7\u00e3o da Rep\u00fablica Portuguesa [nossa autoria] Sum\u00e1rio \u201cIII &hellip; <\/p>\n","protected":false},"featured_media":0,"parent":0,"template":"","juris_areas":[225],"juris_datas":[],"temas":[280],"class_list":["post-8035","juris","type-juris","status-publish","hentry","juris_areas-tribunal-constitucional","temas-arrendamento"],"acf":[],"_links":{"self":[{"href":"https:\/\/crlisboa.org\/wp\/wp-json\/wp\/v2\/juris\/8035","targetHints":{"allow":["GET"]}}],"collection":[{"href":"https:\/\/crlisboa.org\/wp\/wp-json\/wp\/v2\/juris"}],"about":[{"href":"https:\/\/crlisboa.org\/wp\/wp-json\/wp\/v2\/types\/juris"}],"wp:attachment":[{"href":"https:\/\/crlisboa.org\/wp\/wp-json\/wp\/v2\/media?parent=8035"}],"wp:term":[{"taxonomy":"juris_areas","embeddable":true,"href":"https:\/\/crlisboa.org\/wp\/wp-json\/wp\/v2\/juris_areas?post=8035"},{"taxonomy":"juris_datas","embeddable":true,"href":"https:\/\/crlisboa.org\/wp\/wp-json\/wp\/v2\/juris_datas?post=8035"},{"taxonomy":"temas","embeddable":true,"href":"https:\/\/crlisboa.org\/wp\/wp-json\/wp\/v2\/temas?post=8035"}],"curies":[{"name":"wp","href":"https:\/\/api.w.org\/{rel}","templated":true}]}}

PROCESSO N.º 850/14

<p><strong>Acórdão n.º 327/2018</strong></p>
<p><strong>Data</strong><br />
27 de junho de 2018</p>
<p><strong>Descritores</strong><br />
N.<sup>os </sup>4 e 5 do artigo 14.º da Lei n.º 6/2006, de 27 de fevereiro, alterado pela Lei n.º 31/2012, de 14 de agosto<br />
N.<sup>os</sup> 1 e 4 do artigo 20.º da Constituição da República Portuguesa<br />
[nossa autoria]
<p><strong>Sumário</strong></p>
<p>“<strong>III – Decisão</strong></p>
<p>Nestes termos, decide-se:</p>
<p><em>a</em>) Interpretar o artigo 14.º, n.º 4 da Lei n.º 6/2006, de 27 de fevereiro, alterado pela Lei n.º 31/2012, de 14 de agosto, em consonância com o n.º 5 do mesmo artigo, em conformidade com princípio da proibição da indefesa, consagrado no artigo 20.º, n.ºs 1 e 4 da Constituição, no sentido de que o despejo imediato com fundamento em falta de pagamento de rendas vencidas na pendência da ação nele previsto não é automático, sendo o seu requerimento livremente apreciado pelo juiz, pelo que, nos casos em que na ação de despejo persista controvérsia quanto à existência ou exigibilidade do próprio dever de pagamento de renda, o réu não deve ser impedido de exercer o contraditório mediante a utilização dos correspondentes meios de defesa.</p>
<p><em>b) </em>E, em consequência, julgar procedente o presente recurso, ordenando a reforma da decisão recorrida de modo a aplicar o artigo 14.º, n.º 4 da Lei n.º 6/2006, de 27 de fevereiro, com o sentido interpretativo fixado em a).”</p>
<p>Fonte: <a href="https://www.tribunalconstitucional.pt">https://www.tribunalconstitucional.pt</a></p>

<p>Acórdão n.º 327/2018 Data 27 de junho de 2018 Descritores N.os 4 e 5 do artigo 14.º da Lei n.º 6/2006, de 27 de fevereiro, alterado pela Lei n.º 31/2012, de 14 de agosto N.os 1 e 4 do artigo 20.º da Constituição da República Portuguesa [nossa autoria] Sumário “III &hellip; </p>
