{"id":7721,"date":"2020-11-16T10:18:35","date_gmt":"2020-11-16T09:18:35","guid":{"rendered":"https:\/\/crlisboa.org\/wp\/?post_type=juris&#038;p=7721"},"modified":"2021-04-07T09:57:55","modified_gmt":"2021-04-07T08:57:55","slug":"processo-n-o-0122-20-1balsb","status":"publish","type":"juris","link":"https:\/\/crlisboa.org\/wp\/juris\/processo-n-o-0122-20-1balsb\/","title":{"rendered":"PROCESSO N.\u00ba 0122\/20.1BALSB"},"content":{"rendered":"<p><strong>Data<\/strong><br \/>\n31 de outubro de 2020<\/p>\n<p><strong>Descritores<\/strong><br \/>\nIntima\u00e7\u00e3o para protec\u00e7\u00e3o de direitos liberdades e garantias<br \/>\nResolu\u00e7\u00e3o do Conselho de Ministros<\/p>\n<p><strong>Sum\u00e1rio<\/strong><br \/>\n\u201cDECIS\u00c3O<br \/>\nAtento o exposto, acordam os ju\u00edzes que comp\u00f5em este Tribunal em julgar improcedente a presente intima\u00e7\u00e3o para protec\u00e7\u00e3o de direitos, liberdades e garantias, por considerar n\u00e3o verificada qualquer viola\u00e7\u00e3o de direitos, liberdades e garantias suscitadas pela requerente.\u201d<\/p>\n<p>Maioria com 1 voto de vencido:<br \/>\n\u201cVencido, n\u00e3o acompanhando a fundamenta\u00e7\u00e3o\/motiva\u00e7\u00e3o do ju\u00edzo de improced\u00eancia da presente intima\u00e7\u00e3o, votando a decis\u00e3o de improced\u00eancia da exce\u00e7\u00e3o de ilegitimidade passiva pese embora n\u00e3o subscreva nem a integralidade a fundamenta\u00e7\u00e3o expendida, nem a justifica\u00e7\u00e3o para a aus\u00eancia de realiza\u00e7\u00e3o do contradit\u00f3rio quanto \u00e0 defesa por exce\u00e7\u00e3o.\u201d<br \/>\n[nossa autoria]\n<p>&nbsp;<\/p>\n<p>Fonte: <a href=\"https:\/\/www.dgsi.pt\">https:\/\/www.dgsi.pt<\/a><\/p>\n","protected":false},"excerpt":{"rendered":"<p>Data 31 de outubro de 2020 Descritores Intima\u00e7\u00e3o para protec\u00e7\u00e3o de direitos liberdades e garantias Resolu\u00e7\u00e3o do Conselho de Ministros Sum\u00e1rio \u201cDECIS\u00c3O Atento o exposto, acordam os ju\u00edzes que comp\u00f5em este Tribunal em julgar improcedente a presente intima\u00e7\u00e3o para protec\u00e7\u00e3o de direitos, liberdades e garantias, por considerar n\u00e3o verificada qualquer &hellip; <\/p>\n","protected":false},"featured_media":0,"parent":0,"template":"","juris_areas":[224],"juris_datas":[274],"temas":[370],"class_list":["post-7721","juris","type-juris","status-publish","hentry","juris_areas-supremo-tribunal-administrativo","juris_datas-09-11-a-15-11-de-2020","temas-covid"],"acf":[],"_links":{"self":[{"href":"https:\/\/crlisboa.org\/wp\/wp-json\/wp\/v2\/juris\/7721","targetHints":{"allow":["GET"]}}],"collection":[{"href":"https:\/\/crlisboa.org\/wp\/wp-json\/wp\/v2\/juris"}],"about":[{"href":"https:\/\/crlisboa.org\/wp\/wp-json\/wp\/v2\/types\/juris"}],"wp:attachment":[{"href":"https:\/\/crlisboa.org\/wp\/wp-json\/wp\/v2\/media?parent=7721"}],"wp:term":[{"taxonomy":"juris_areas","embeddable":true,"href":"https:\/\/crlisboa.org\/wp\/wp-json\/wp\/v2\/juris_areas?post=7721"},{"taxonomy":"juris_datas","embeddable":true,"href":"https:\/\/crlisboa.org\/wp\/wp-json\/wp\/v2\/juris_datas?post=7721"},{"taxonomy":"temas","embeddable":true,"href":"https:\/\/crlisboa.org\/wp\/wp-json\/wp\/v2\/temas?post=7721"}],"curies":[{"name":"wp","href":"https:\/\/api.w.org\/{rel}","templated":true}]}}

PROCESSO N.º 0122/20.1BALSB

<p><strong>Data</strong><br />
31 de outubro de 2020</p>
<p><strong>Descritores</strong><br />
Intimação para protecção de direitos liberdades e garantias<br />
Resolução do Conselho de Ministros</p>
<p><strong>Sumário</strong><br />
“DECISÃO<br />
Atento o exposto, acordam os juízes que compõem este Tribunal em julgar improcedente a presente intimação para protecção de direitos, liberdades e garantias, por considerar não verificada qualquer violação de direitos, liberdades e garantias suscitadas pela requerente.”</p>
<p>Maioria com 1 voto de vencido:<br />
“Vencido, não acompanhando a fundamentação/motivação do juízo de improcedência da presente intimação, votando a decisão de improcedência da exceção de ilegitimidade passiva pese embora não subscreva nem a integralidade a fundamentação expendida, nem a justificação para a ausência de realização do contraditório quanto à defesa por exceção.”<br />
[nossa autoria]
<p>&nbsp;</p>
<p>Fonte: <a href="https://www.dgsi.pt">https://www.dgsi.pt</a></p>

<p>Data 31 de outubro de 2020 Descritores Intimação para protecção de direitos liberdades e garantias Resolução do Conselho de Ministros Sumário “DECISÃO Atento o exposto, acordam os juízes que compõem este Tribunal em julgar improcedente a presente intimação para protecção de direitos, liberdades e garantias, por considerar não verificada qualquer &hellip; </p>
