{"id":19382,"date":"2022-07-11T09:49:20","date_gmt":"2022-07-11T08:49:20","guid":{"rendered":"https:\/\/crlisboa.org\/wp\/?post_type=juris&#038;p=19382"},"modified":"2022-07-11T09:49:20","modified_gmt":"2022-07-11T08:49:20","slug":"processo-n-o-503-19-3gabrr-s1","status":"publish","type":"juris","link":"https:\/\/crlisboa.org\/wp\/juris\/processo-n-o-503-19-3gabrr-s1\/","title":{"rendered":"PROCESSO N.\u00ba 503\/19.3GABRR.S1"},"content":{"rendered":"<p><strong>Data<\/strong><br \/>\n22 de junho de 2022<\/p>\n<p><strong>Descritores<\/strong><br \/>\nRecurso per saltum<br \/>\nViol\u00eancia dom\u00e9stica<br \/>\nViola\u00e7\u00e3o<br \/>\nPena parcelar<br \/>\nPena \u00fanica<br \/>\nMedida da pena<\/p>\n<p><strong>Sum\u00e1rio<\/strong><br \/>\nI \u2013 O grau de ilicitude dos factos, a persist\u00eancia, ao longo dos anos de vida em comum, da viol\u00eancia, verbal, f\u00edsica e sexual e a gravidade das suas consequ\u00eancias, tal como resultam dos factos provados, militam severamente contra o arguido.<\/p>\n<p>II \u2013 O arguido agiu com dolo direto, com reitera\u00e7\u00e3o, revelando profundo desprezo pela dignidade, integridade f\u00edsica e liberdade sexual da assistente.<\/p>\n<p>III \u2013 A adi\u00e7\u00e3o alco\u00f3lica do arguido foi ponderada e desconsiderada, dado n\u00e3o constituir justifica\u00e7\u00e3o dos atos il\u00edcitos graves praticados e persistir, n\u00e3o obstante a realiza\u00e7\u00e3o de terapia adequada.<\/p>\n<p>IV \u2013 S\u00e3o, pois, muito elevados o grau de culpa e as exig\u00eancias de preven\u00e7\u00e3o geral e especial, a ter em considera\u00e7\u00e3o nos termos do art. 71.\u00ba do CP, sem ultrapassar a medida da culpa (art. 40.\u00ba, n.\u00ba 2, do CP).<\/p>\n<p>Fonte: <a href=\"https:\/\/www.dgsi.pt\">https:\/\/www.dgsi.pt<\/a><\/p>\n","protected":false},"excerpt":{"rendered":"<p>Data 22 de junho de 2022 Descritores Recurso per saltum Viol\u00eancia dom\u00e9stica Viola\u00e7\u00e3o Pena parcelar Pena \u00fanica Medida da pena Sum\u00e1rio I \u2013 O grau de ilicitude dos factos, a persist\u00eancia, ao longo dos anos de vida em comum, da viol\u00eancia, verbal, f\u00edsica e sexual e a gravidade das suas &hellip; <\/p>\n","protected":false},"featured_media":0,"parent":0,"template":"","juris_areas":[234],"juris_datas":[485],"temas":[],"class_list":["post-19382","juris","type-juris","status-publish","hentry","juris_areas-supremo-tribunal-de-justica","juris_datas-04-07-a-10-07-de-2022"],"acf":[],"_links":{"self":[{"href":"https:\/\/crlisboa.org\/wp\/wp-json\/wp\/v2\/juris\/19382","targetHints":{"allow":["GET"]}}],"collection":[{"href":"https:\/\/crlisboa.org\/wp\/wp-json\/wp\/v2\/juris"}],"about":[{"href":"https:\/\/crlisboa.org\/wp\/wp-json\/wp\/v2\/types\/juris"}],"wp:attachment":[{"href":"https:\/\/crlisboa.org\/wp\/wp-json\/wp\/v2\/media?parent=19382"}],"wp:term":[{"taxonomy":"juris_areas","embeddable":true,"href":"https:\/\/crlisboa.org\/wp\/wp-json\/wp\/v2\/juris_areas?post=19382"},{"taxonomy":"juris_datas","embeddable":true,"href":"https:\/\/crlisboa.org\/wp\/wp-json\/wp\/v2\/juris_datas?post=19382"},{"taxonomy":"temas","embeddable":true,"href":"https:\/\/crlisboa.org\/wp\/wp-json\/wp\/v2\/temas?post=19382"}],"curies":[{"name":"wp","href":"https:\/\/api.w.org\/{rel}","templated":true}]}}

PROCESSO N.º 503/19.3GABRR.S1

<p><strong>Data</strong><br />
22 de junho de 2022</p>
<p><strong>Descritores</strong><br />
Recurso per saltum<br />
Violência doméstica<br />
Violação<br />
Pena parcelar<br />
Pena única<br />
Medida da pena</p>
<p><strong>Sumário</strong><br />
I – O grau de ilicitude dos factos, a persistência, ao longo dos anos de vida em comum, da violência, verbal, física e sexual e a gravidade das suas consequências, tal como resultam dos factos provados, militam severamente contra o arguido.</p>
<p>II – O arguido agiu com dolo direto, com reiteração, revelando profundo desprezo pela dignidade, integridade física e liberdade sexual da assistente.</p>
<p>III – A adição alcoólica do arguido foi ponderada e desconsiderada, dado não constituir justificação dos atos ilícitos graves praticados e persistir, não obstante a realização de terapia adequada.</p>
<p>IV – São, pois, muito elevados o grau de culpa e as exigências de prevenção geral e especial, a ter em consideração nos termos do art. 71.º do CP, sem ultrapassar a medida da culpa (art. 40.º, n.º 2, do CP).</p>
<p>Fonte: <a href="https://www.dgsi.pt">https://www.dgsi.pt</a></p>

<p>Data 22 de junho de 2022 Descritores Recurso per saltum Violência doméstica Violação Pena parcelar Pena única Medida da pena Sumário I – O grau de ilicitude dos factos, a persistência, ao longo dos anos de vida em comum, da violência, verbal, física e sexual e a gravidade das suas &hellip; </p>
