{"id":17635,"date":"2022-05-02T15:26:55","date_gmt":"2022-05-02T14:26:55","guid":{"rendered":"https:\/\/crlisboa.org\/wp\/?post_type=juris&#038;p=17635"},"modified":"2022-05-02T15:26:55","modified_gmt":"2022-05-02T14:26:55","slug":"processo-n-o-115-21-1t8tcs-a-c1","status":"publish","type":"juris","link":"https:\/\/crlisboa.org\/wp\/juris\/processo-n-o-115-21-1t8tcs-a-c1\/","title":{"rendered":"PROCESSO N.\u00ba 115\/21.1T8TCS-A.C1"},"content":{"rendered":"<p><strong>Data<\/strong><br \/>\n5 de abril de 2022<\/p>\n<p><strong>Descritores<\/strong><br \/>\nCompet\u00eancia material<br \/>\nA\u00e7\u00e3o especial de fixa\u00e7\u00e3o judicial de prazo<br \/>\nContrato sujeito ao direito privado<br \/>\nMunic\u00edpio<\/p>\n<p><strong>Sum\u00e1rio<\/strong><br \/>\n\u00c9 da compet\u00eancia material dos tribunais da jurisdi\u00e7\u00e3o c\u00edvel, e n\u00e3o da jurisdi\u00e7\u00e3o administrativa, uma a\u00e7\u00e3o declarativa especial de fixa\u00e7\u00e3o judicial de prazo, intentada por um munic\u00edpio e uma empresa municipal contra uma sociedade an\u00f3nima, sendo pedida a fixa\u00e7\u00e3o de um prazo para o cumprimento por esta das contrapartidas (de que \u00e9 devedora) pela constitui\u00e7\u00e3o do direito de superf\u00edcie a seu favor sobre pr\u00e9dios perten\u00e7a do munic\u00edpio, no \u00e2mbito de contratos sujeitos ao direito privado.<\/p>\n<p>&nbsp;<\/p>\n<p>Fonte: <a href=\"https:\/\/www.dgsi.pt\">https:\/\/www.dgsi.pt<\/a><\/p>\n<p>&nbsp;<\/p>\n","protected":false},"excerpt":{"rendered":"<p>Data 5 de abril de 2022 Descritores Compet\u00eancia material A\u00e7\u00e3o especial de fixa\u00e7\u00e3o judicial de prazo Contrato sujeito ao direito privado Munic\u00edpio Sum\u00e1rio \u00c9 da compet\u00eancia material dos tribunais da jurisdi\u00e7\u00e3o c\u00edvel, e n\u00e3o da jurisdi\u00e7\u00e3o administrativa, uma a\u00e7\u00e3o declarativa especial de fixa\u00e7\u00e3o judicial de prazo, intentada por um munic\u00edpio &hellip; <\/p>\n","protected":false},"featured_media":0,"parent":0,"template":"","juris_areas":[227],"juris_datas":[470],"temas":[],"class_list":["post-17635","juris","type-juris","status-publish","hentry","juris_areas-tribunal-da-relacao-de-coimbra","juris_datas-25-04-a-01-05-de-2022"],"acf":[],"_links":{"self":[{"href":"https:\/\/crlisboa.org\/wp\/wp-json\/wp\/v2\/juris\/17635","targetHints":{"allow":["GET"]}}],"collection":[{"href":"https:\/\/crlisboa.org\/wp\/wp-json\/wp\/v2\/juris"}],"about":[{"href":"https:\/\/crlisboa.org\/wp\/wp-json\/wp\/v2\/types\/juris"}],"wp:attachment":[{"href":"https:\/\/crlisboa.org\/wp\/wp-json\/wp\/v2\/media?parent=17635"}],"wp:term":[{"taxonomy":"juris_areas","embeddable":true,"href":"https:\/\/crlisboa.org\/wp\/wp-json\/wp\/v2\/juris_areas?post=17635"},{"taxonomy":"juris_datas","embeddable":true,"href":"https:\/\/crlisboa.org\/wp\/wp-json\/wp\/v2\/juris_datas?post=17635"},{"taxonomy":"temas","embeddable":true,"href":"https:\/\/crlisboa.org\/wp\/wp-json\/wp\/v2\/temas?post=17635"}],"curies":[{"name":"wp","href":"https:\/\/api.w.org\/{rel}","templated":true}]}}

PROCESSO N.º 115/21.1T8TCS-A.C1

<p><strong>Data</strong><br />
5 de abril de 2022</p>
<p><strong>Descritores</strong><br />
Competência material<br />
Ação especial de fixação judicial de prazo<br />
Contrato sujeito ao direito privado<br />
Município</p>
<p><strong>Sumário</strong><br />
É da competência material dos tribunais da jurisdição cível, e não da jurisdição administrativa, uma ação declarativa especial de fixação judicial de prazo, intentada por um município e uma empresa municipal contra uma sociedade anónima, sendo pedida a fixação de um prazo para o cumprimento por esta das contrapartidas (de que é devedora) pela constituição do direito de superfície a seu favor sobre prédios pertença do município, no âmbito de contratos sujeitos ao direito privado.</p>
<p>&nbsp;</p>
<p>Fonte: <a href="https://www.dgsi.pt">https://www.dgsi.pt</a></p>
<p>&nbsp;</p>

<p>Data 5 de abril de 2022 Descritores Competência material Ação especial de fixação judicial de prazo Contrato sujeito ao direito privado Município Sumário É da competência material dos tribunais da jurisdição cível, e não da jurisdição administrativa, uma ação declarativa especial de fixação judicial de prazo, intentada por um município &hellip; </p>
