{"id":17303,"date":"2022-04-13T11:44:29","date_gmt":"2022-04-13T10:44:29","guid":{"rendered":"https:\/\/crlisboa.org\/wp\/?post_type=juris&#038;p=17303"},"modified":"2022-04-14T11:58:57","modified_gmt":"2022-04-14T10:58:57","slug":"processo-n-o-22295-19-6t8prt-p1","status":"publish","type":"juris","link":"https:\/\/crlisboa.org\/wp\/juris\/processo-n-o-22295-19-6t8prt-p1\/","title":{"rendered":"PROCESSO N.\u00ba 22295\/19.6T8PRT.P1"},"content":{"rendered":"<p><strong>Data<\/strong><br \/>\n22 de mar\u00e7o de 2021<\/p>\n<p><strong>Descritores<\/strong><br \/>\nMaior acompanhado<br \/>\nProcesso de jurisdi\u00e7\u00e3o volunt\u00e1ria<br \/>\nProva pericial<br \/>\nAnula\u00e7\u00e3o da decis\u00e3o<\/p>\n<p><strong>Sum\u00e1rio<\/strong><\/p>\n<p>I \u2013 O <strong><u>processo de acompanhamento de maior<\/u><\/strong> \u00e9 um <strong>processo especial, de natureza formalmente contenciosa e substancialmente de jurisdi\u00e7\u00e3o volunt\u00e1ria <\/strong>\u2013 <em>cfr<\/em>. arts n\u00ba1, do 891\u00ba, n\u00ba2, do 986\u00ba, 987\u00ba e 988\u00ba, do CPC -, com car\u00e1ter urgente, que se regula pelas disposi\u00e7\u00f5es que lhe s\u00e3o<strong> pr\u00f3prias <\/strong>(<em>v.<\/em> art.\u00a0<strong>891\u00ba a 905\u00ba<\/strong>, do CPC) <strong>e pelas disposi\u00e7\u00f5es gerais e comuns e, em tudo que n\u00e3o estiver previsto numas e noutras,<\/strong> pelo que estabelecido se encontra para o processo comum (<em>v<\/em>. n\u00ba1, do art. 549\u00ba, de tal diploma), o que pode envolver o uso dos <strong>poderes de gest\u00e3o previstos no art. 590\u00ba<\/strong> e a <strong>prola\u00e7\u00e3o de despacho saneador.<\/strong><\/p>\n<p>II \u2013 Podendo ser <strong><u>objeto da sua instru\u00e7\u00e3o<\/u><\/strong> tudo quanto, de algum modo, possa interessar \u00e0 prova dos factos relevantes para a decis\u00e3o, segundo as v\u00e1rias solu\u00e7\u00f5es plaus\u00edveis da quest\u00e3o de direito, vedado est\u00e1 aquilo que se apresenta como irrelevante (impertinente) para a desenhada causa concreta a decidir, devendo, para se aferir daquela relev\u00e2ncia, atentar-se no objeto do lit\u00edgio (pedido e respetiva causa de pedir e mat\u00e9ria de exce\u00e7\u00e3o) e cabendo ao tribunal pronunciar-se sobre as provas propostas e emitir, sobre elas, um ju\u00edzo, n\u00e3o s\u00f3 de <strong><u>legalidade<\/u><\/strong> mas tamb\u00e9m de <strong><u>pertin\u00eancia,<\/u><\/strong> sobre o seu objeto: a prova de factos, controvertidos, da causa, relevantes para a decis\u00e3o.<\/p>\n<p>III \u2013 Toda a <strong><u>prova<\/u><\/strong> a produzir, e, como tal, tamb\u00e9m a pericial, se destina a demonstrar a realidade dos factos da causa relevantes para a decis\u00e3o (art\u00ba 341\u00ba do C\u00f3digo Civil), sendo que a demonstra\u00e7\u00e3o que se pretende obter com a prova se traduz na convic\u00e7\u00e3o subjetiva a criar no julgador.<\/p>\n<p>IV \u2013 A <strong><u>prova pericial<\/u><\/strong>, com a especificidade de ter a media\u00e7\u00e3o de uma pessoa &#8211; o Perito \u2013 para a demonstra\u00e7\u00e3o do facto, consiste na <strong>perce\u00e7\u00e3o <\/strong>ou <strong>aprecia\u00e7\u00e3o de factos pelo perito<\/strong>\/s chamado a os <strong><u>percecionar<\/u> <\/strong>(com os \u00f3rg\u00e3os dos sentidos) e\/ou a os <strong><u>valorar<\/u> <\/strong>(\u00e0 luz dos seus especiais conhecimentos t\u00e9cnicos, cient\u00edficos ou art\u00edsticos), conhecimentos esses que, n\u00e3o fazendo parte da cultura geral e da experi\u00eancia comum, se presumem n\u00e3o detidos pelo julgador.<\/p>\n<p>V \u2013 O <strong><u>princ\u00edpio do inquisit\u00f3rio<\/u><\/strong>, a operar no dom\u00ednio da <strong>instru\u00e7\u00e3o do processo <\/strong>(v. art. 411\u00ba, do CPC, \u00e9 um <strong>poder vinculado<\/strong> que imp\u00f5e ao juiz, o dever jur\u00eddico de determinar, oficiosamente, as dilig\u00eancias probat\u00f3rias complementares necess\u00e1rias \u00e0 descoberta da verdade e \u00e0 boa decis\u00e3o da causa, assume espec\u00edfico e <strong><u>refor\u00e7ado afloramento no processo especial de acompanhamento de maior <\/u><\/strong>(v. arts. 891\u00ba, n\u00ba2 do art. 986\u00ba e n\u00ba1, do art. 897\u00ba, todos, do CPC) no que respeita aos poderes oficiosos do juiz investigar os factos e recolher os meios de prova.<\/p>\n<p>VI \u2013 E deve o juiz garantir a <strong><u>recolha de todos os factos <\/u><\/strong>(cfr. <strong>n\u00ba1 e 2, do<\/strong>\u00a0<strong>art. 5\u00ba, do CPC<\/strong>) que se mostrem com relev\u00e2ncia jur\u00eddica, acautelando anula\u00e7\u00f5es de decis\u00f5es.<\/p>\n<p>VII \u2013 A <strong><u>omiss\u00e3o,<\/u><\/strong> na decis\u00e3o, de <strong><u>factos essenciais<\/u><\/strong> implica a <strong><u>anula\u00e7\u00e3o<\/u><\/strong>, mesmo oficiosamente, da <strong><u>decis\u00e3o proferida<\/u><\/strong> pelo tribunal <em>a quo<\/em>, para que a 1\u00aa inst\u00e2ncia supra a omiss\u00e3o, sendo de anular a decis\u00e3o, ao abrigo da al. c), do n\u00ba2, do artigo 662\u00ba, do referido diploma legal, para produ\u00e7\u00e3o da prova proposta e adicional, quando do processo n\u00e3o constem todos os elementos probat\u00f3rios necess\u00e1rios \u00e0 reaprecia\u00e7\u00e3o pelo Tribunal da Rela\u00e7\u00e3o.<\/p>\n<p>VIII \u2013 O recurso &#8211; garantia constitucionalmente consagrada (n\u00ba1, do artigo 32\u00ba, da Constitui\u00e7\u00e3o da Rep\u00fablica Portuguesa), compreendendo o pr\u00f3prio direito de acesso aos tribunais o direito de recorrer (art. 20\u00ba, daquela Lei) &#8211; \u00e9 meio espec\u00edfico de impugna\u00e7\u00e3o de decis\u00f5es judiciais que visa o reexame da mat\u00e9ria apreciada na decis\u00e3o recorrida e n\u00e3o a obten\u00e7\u00e3o de decis\u00e3o de uma quest\u00e3o nova.<\/p>\n<p>Fonte: <a href=\"https:\/\/www.dgsi.pt\">https:\/\/www.dgsi.pt<\/a><\/p>\n","protected":false},"excerpt":{"rendered":"<p>Data 22 de mar\u00e7o de 2021 Descritores Maior acompanhado Processo de jurisdi\u00e7\u00e3o volunt\u00e1ria Prova pericial Anula\u00e7\u00e3o da decis\u00e3o Sum\u00e1rio I \u2013 O processo de acompanhamento de maior \u00e9 um processo especial, de natureza formalmente contenciosa e substancialmente de jurisdi\u00e7\u00e3o volunt\u00e1ria \u2013 cfr. arts n\u00ba1, do 891\u00ba, n\u00ba2, do 986\u00ba, 987\u00ba &hellip; <\/p>\n","protected":false},"featured_media":0,"parent":0,"template":"","juris_areas":[235],"juris_datas":[],"temas":[466],"class_list":["post-17303","juris","type-juris","status-publish","hentry","juris_areas-tribunal-da-relacao-do-porto","temas-regime-do-maior-acompanhado"],"acf":[],"_links":{"self":[{"href":"https:\/\/crlisboa.org\/wp\/wp-json\/wp\/v2\/juris\/17303","targetHints":{"allow":["GET"]}}],"collection":[{"href":"https:\/\/crlisboa.org\/wp\/wp-json\/wp\/v2\/juris"}],"about":[{"href":"https:\/\/crlisboa.org\/wp\/wp-json\/wp\/v2\/types\/juris"}],"wp:attachment":[{"href":"https:\/\/crlisboa.org\/wp\/wp-json\/wp\/v2\/media?parent=17303"}],"wp:term":[{"taxonomy":"juris_areas","embeddable":true,"href":"https:\/\/crlisboa.org\/wp\/wp-json\/wp\/v2\/juris_areas?post=17303"},{"taxonomy":"juris_datas","embeddable":true,"href":"https:\/\/crlisboa.org\/wp\/wp-json\/wp\/v2\/juris_datas?post=17303"},{"taxonomy":"temas","embeddable":true,"href":"https:\/\/crlisboa.org\/wp\/wp-json\/wp\/v2\/temas?post=17303"}],"curies":[{"name":"wp","href":"https:\/\/api.w.org\/{rel}","templated":true}]}}

PROCESSO N.º 22295/19.6T8PRT.P1

<p><strong>Data</strong><br />
22 de março de 2021</p>
<p><strong>Descritores</strong><br />
Maior acompanhado<br />
Processo de jurisdição voluntária<br />
Prova pericial<br />
Anulação da decisão</p>
<p><strong>Sumário</strong></p>
<p>I – O <strong><u>processo de acompanhamento de maior</u></strong> é um <strong>processo especial, de natureza formalmente contenciosa e substancialmente de jurisdição voluntária </strong>– <em>cfr</em>. arts nº1, do 891º, nº2, do 986º, 987º e 988º, do CPC -, com caráter urgente, que se regula pelas disposições que lhe são<strong> próprias </strong>(<em>v.</em> art. <strong>891º a 905º</strong>, do CPC) <strong>e pelas disposições gerais e comuns e, em tudo que não estiver previsto numas e noutras,</strong> pelo que estabelecido se encontra para o processo comum (<em>v</em>. nº1, do art. 549º, de tal diploma), o que pode envolver o uso dos <strong>poderes de gestão previstos no art. 590º</strong> e a <strong>prolação de despacho saneador.</strong></p>
<p>II – Podendo ser <strong><u>objeto da sua instrução</u></strong> tudo quanto, de algum modo, possa interessar à prova dos factos relevantes para a decisão, segundo as várias soluções plausíveis da questão de direito, vedado está aquilo que se apresenta como irrelevante (impertinente) para a desenhada causa concreta a decidir, devendo, para se aferir daquela relevância, atentar-se no objeto do litígio (pedido e respetiva causa de pedir e matéria de exceção) e cabendo ao tribunal pronunciar-se sobre as provas propostas e emitir, sobre elas, um juízo, não só de <strong><u>legalidade</u></strong> mas também de <strong><u>pertinência,</u></strong> sobre o seu objeto: a prova de factos, controvertidos, da causa, relevantes para a decisão.</p>
<p>III – Toda a <strong><u>prova</u></strong> a produzir, e, como tal, também a pericial, se destina a demonstrar a realidade dos factos da causa relevantes para a decisão (artº 341º do Código Civil), sendo que a demonstração que se pretende obter com a prova se traduz na convicção subjetiva a criar no julgador.</p>
<p>IV – A <strong><u>prova pericial</u></strong>, com a especificidade de ter a mediação de uma pessoa &#8211; o Perito – para a demonstração do facto, consiste na <strong>perceção </strong>ou <strong>apreciação de factos pelo perito</strong>/s chamado a os <strong><u>percecionar</u> </strong>(com os órgãos dos sentidos) e/ou a os <strong><u>valorar</u> </strong>(à luz dos seus especiais conhecimentos técnicos, científicos ou artísticos), conhecimentos esses que, não fazendo parte da cultura geral e da experiência comum, se presumem não detidos pelo julgador.</p>
<p>V – O <strong><u>princípio do inquisitório</u></strong>, a operar no domínio da <strong>instrução do processo </strong>(v. art. 411º, do CPC, é um <strong>poder vinculado</strong> que impõe ao juiz, o dever jurídico de determinar, oficiosamente, as diligências probatórias complementares necessárias à descoberta da verdade e à boa decisão da causa, assume específico e <strong><u>reforçado afloramento no processo especial de acompanhamento de maior </u></strong>(v. arts. 891º, nº2 do art. 986º e nº1, do art. 897º, todos, do CPC) no que respeita aos poderes oficiosos do juiz investigar os factos e recolher os meios de prova.</p>
<p>VI – E deve o juiz garantir a <strong><u>recolha de todos os factos </u></strong>(cfr. <strong>nº1 e 2, do</strong> <strong>art. 5º, do CPC</strong>) que se mostrem com relevância jurídica, acautelando anulações de decisões.</p>
<p>VII – A <strong><u>omissão,</u></strong> na decisão, de <strong><u>factos essenciais</u></strong> implica a <strong><u>anulação</u></strong>, mesmo oficiosamente, da <strong><u>decisão proferida</u></strong> pelo tribunal <em>a quo</em>, para que a 1ª instância supra a omissão, sendo de anular a decisão, ao abrigo da al. c), do nº2, do artigo 662º, do referido diploma legal, para produção da prova proposta e adicional, quando do processo não constem todos os elementos probatórios necessários à reapreciação pelo Tribunal da Relação.</p>
<p>VIII – O recurso &#8211; garantia constitucionalmente consagrada (nº1, do artigo 32º, da Constituição da República Portuguesa), compreendendo o próprio direito de acesso aos tribunais o direito de recorrer (art. 20º, daquela Lei) &#8211; é meio específico de impugnação de decisões judiciais que visa o reexame da matéria apreciada na decisão recorrida e não a obtenção de decisão de uma questão nova.</p>
<p>Fonte: <a href="https://www.dgsi.pt">https://www.dgsi.pt</a></p>

<p>Data 22 de março de 2021 Descritores Maior acompanhado Processo de jurisdição voluntária Prova pericial Anulação da decisão Sumário I – O processo de acompanhamento de maior é um processo especial, de natureza formalmente contenciosa e substancialmente de jurisdição voluntária – cfr. arts nº1, do 891º, nº2, do 986º, 987º &hellip; </p>
