{"id":17133,"date":"2022-04-04T17:06:18","date_gmt":"2022-04-04T16:06:18","guid":{"rendered":"https:\/\/crlisboa.org\/wp\/?post_type=juris&#038;p=17133"},"modified":"2022-04-04T17:06:18","modified_gmt":"2022-04-04T16:06:18","slug":"processo-n-o-038-21","status":"publish","type":"juris","link":"https:\/\/crlisboa.org\/wp\/juris\/processo-n-o-038-21\/","title":{"rendered":"PROCESSO N.\u00ba 038\/21"},"content":{"rendered":"<p><strong>Data<\/strong><br \/>\n23 de mar\u00e7o de 2022<\/p>\n<p><strong>Descritores<\/strong><br \/>\nConflito de jurisdi\u00e7\u00e3o<br \/>\nContra-ordena\u00e7\u00e3o ambiental<br \/>\nTribunais administrativos<\/p>\n<p><strong>Sum\u00e1rio<\/strong><br \/>\n\u00c9 da compet\u00eancia dos tribunais judiciais impugna\u00e7\u00e3o judicial na qual, no caso concreto, est\u00e1 em causa norma constitutiva da contra-ordena\u00e7\u00e3o que n\u00e3o se integra no conceito de mat\u00e9ria urban\u00edstica, antes constituindo uma contra-ordena\u00e7\u00e3o ambiental, cuja impugna\u00e7\u00e3o foi apresentada no Tribunal Judicial, e que est\u00e1 exclu\u00edda do \u00e2mbito da al\u00ednea l) do n\u00ba 1 do art. 4\u00ba do ETAF.<\/p>\n<p>Fonte: <a href=\"https:\/\/www.dgsi.pt\">https:\/\/www.dgsi.pt<\/a><\/p>\n<p><strong>\u00a0<\/strong><\/p>\n","protected":false},"excerpt":{"rendered":"<p>Data 23 de mar\u00e7o de 2022 Descritores Conflito de jurisdi\u00e7\u00e3o Contra-ordena\u00e7\u00e3o ambiental Tribunais administrativos Sum\u00e1rio \u00c9 da compet\u00eancia dos tribunais judiciais impugna\u00e7\u00e3o judicial na qual, no caso concreto, est\u00e1 em causa norma constitutiva da contra-ordena\u00e7\u00e3o que n\u00e3o se integra no conceito de mat\u00e9ria urban\u00edstica, antes constituindo uma contra-ordena\u00e7\u00e3o ambiental, cuja &hellip; <\/p>\n","protected":false},"featured_media":0,"parent":0,"template":"","juris_areas":[275],"juris_datas":[465],"temas":[],"class_list":["post-17133","juris","type-juris","status-publish","hentry","juris_areas-tribunal-dos-conflitos","juris_datas-28-03-a-03-04-de-2022"],"acf":[],"_links":{"self":[{"href":"https:\/\/crlisboa.org\/wp\/wp-json\/wp\/v2\/juris\/17133","targetHints":{"allow":["GET"]}}],"collection":[{"href":"https:\/\/crlisboa.org\/wp\/wp-json\/wp\/v2\/juris"}],"about":[{"href":"https:\/\/crlisboa.org\/wp\/wp-json\/wp\/v2\/types\/juris"}],"wp:attachment":[{"href":"https:\/\/crlisboa.org\/wp\/wp-json\/wp\/v2\/media?parent=17133"}],"wp:term":[{"taxonomy":"juris_areas","embeddable":true,"href":"https:\/\/crlisboa.org\/wp\/wp-json\/wp\/v2\/juris_areas?post=17133"},{"taxonomy":"juris_datas","embeddable":true,"href":"https:\/\/crlisboa.org\/wp\/wp-json\/wp\/v2\/juris_datas?post=17133"},{"taxonomy":"temas","embeddable":true,"href":"https:\/\/crlisboa.org\/wp\/wp-json\/wp\/v2\/temas?post=17133"}],"curies":[{"name":"wp","href":"https:\/\/api.w.org\/{rel}","templated":true}]}}

PROCESSO N.º 038/21

<p><strong>Data</strong><br />
23 de março de 2022</p>
<p><strong>Descritores</strong><br />
Conflito de jurisdição<br />
Contra-ordenação ambiental<br />
Tribunais administrativos</p>
<p><strong>Sumário</strong><br />
É da competência dos tribunais judiciais impugnação judicial na qual, no caso concreto, está em causa norma constitutiva da contra-ordenação que não se integra no conceito de matéria urbanística, antes constituindo uma contra-ordenação ambiental, cuja impugnação foi apresentada no Tribunal Judicial, e que está excluída do âmbito da alínea l) do nº 1 do art. 4º do ETAF.</p>
<p>Fonte: <a href="https://www.dgsi.pt">https://www.dgsi.pt</a></p>
<p><strong> </strong></p>

<p>Data 23 de março de 2022 Descritores Conflito de jurisdição Contra-ordenação ambiental Tribunais administrativos Sumário É da competência dos tribunais judiciais impugnação judicial na qual, no caso concreto, está em causa norma constitutiva da contra-ordenação que não se integra no conceito de matéria urbanística, antes constituindo uma contra-ordenação ambiental, cuja &hellip; </p>
