{"id":13207,"date":"2021-12-17T12:19:29","date_gmt":"2021-12-17T11:19:29","guid":{"rendered":"https:\/\/crlisboa.org\/wp\/?post_type=juris&#038;p=13207"},"modified":"2021-12-17T16:42:03","modified_gmt":"2021-12-17T15:42:03","slug":"processo-n-o-1130-14-7tdlsb-c-l1-9","status":"publish","type":"juris","link":"https:\/\/crlisboa.org\/wp\/juris\/processo-n-o-1130-14-7tdlsb-c-l1-9\/","title":{"rendered":"PROCESSO N.\u00ba 1130\/14.7TDLSB-C.L1-9"},"content":{"rendered":"<p><strong>PROCESSO N.\u00ba 1130\/14.7TDLSB-C.L1-9<\/strong><\/p>\n<p><strong>Data<\/strong><br \/>\n23 de fevereiro de 2017<\/p>\n<p><strong>Descritores<\/strong><br \/>\nSigilo profissional<br \/>\nAdvogado<\/p>\n<p><strong>Sum\u00e1rio<\/strong><\/p>\n<p><strong>I \u2013 \u00abTanto o <em>dever de sigilo<\/em> que a lei substantiva prescreve como o <em>direito ao sigilo<\/em> que o direito processual reconhece, visam salvaguardar simultaneamente bens jur\u00eddicos de duas ordens distintas. A par dos interesses individuais da preserva\u00e7\u00e3o do segredo sobre determinados factos, protegem-se igualmente valores ou interesses de \u00edndole supra-individual e institucional que, por raz\u00f5es de economia, poderemos reconduzir \u00e0 <em>confian\u00e7a<\/em> sobre que deve assentar o exerc\u00edcio de certas profiss\u00f5es.\u00bb<\/strong><\/p>\n<p><strong>II \u2013 Presentemente, \u00e9 clara a preval\u00eancia da tutela da privacidade, bem jur\u00eddico pessoal, face ao bem jur\u00eddico supra-individual institucional, perante a previs\u00e3o do art. 195.\u00ba do CP, sem preju\u00edzo de os valores supra-individuais, que se \u00abidentificam com o prest\u00edgio e confian\u00e7a em determinadas profiss\u00f5es e servi\u00e7os, como condi\u00e7\u00e3o do seu eficaz desempenho\u00bb, aparecerem sempre incindivelmente associados \u00e0 puni\u00e7\u00e3o da viola\u00e7\u00e3o do sigilo profissional, embora \u00abcom o estatuto de <em>interesses (apenas) reflexa e mediatamente protegidos<\/em>\u00bb.<\/strong><\/p>\n<p><strong>III \u2013 Est\u00e3o abrangidos pelo segredo profissional do advogado os factos que resultem do desempenho desta actividade profissional, podendo advir da viola\u00e7\u00e3o desse dever de reserva, para al\u00e9m de responsabilidade criminal e civil, tamb\u00e9m consequ\u00eancias no plano estatut\u00e1rio e no plano processual.<\/strong><\/p>\n<p><strong>IV \u2013 A eventual pr\u00e1tica de il\u00edcitos criminais por parte do pr\u00f3prio mandat\u00e1rio nunca poder\u00e1 considerar-se compreendida no exerc\u00edcio das fun\u00e7\u00f5es profissionais de um advogado, sendo violadora, para al\u00e9m do mais, do dever deontol\u00f3gico de agir de forma a defender os interesses leg\u00edtimos do cliente, sem preju\u00edzo do cumprimento das normas legais e deontol\u00f3gicas.<\/strong><\/p>\n<p><strong>V \u2013 N\u00e3o pode fazer-se apelo ao sigilo profissional para encobrir a eventual pr\u00e1tica de actos il\u00edcitos, de natureza criminal, por parte do mandat\u00e1rio, pois que, n\u00e3o constituindo acto pr\u00f3prio da advocacia, se mostra exclu\u00edda da esfera de protec\u00e7\u00e3o da norma em causa (o art. 87.\u00ba da Lei n.\u00ba 15\/2005, de 26-01, com as altera\u00e7\u00f5es do DL n.\u00ba 226\/2008, de 20-11, e da Lei n.\u00ba 12\/2010, de 25-06, e actualmente o art. 92.\u00ba da Lei n.\u00ba 145\/2015, 09-09).<\/strong><\/p>\n<p><strong>(sum\u00e1rio elaborado pela relatora)<\/strong><\/p>\n<p>Fonte: <a href=\"https:\/\/www.dgsi.pt\">https:\/\/www.dgsi.pt<\/a><\/p>\n","protected":false},"excerpt":{"rendered":"<p>PROCESSO N.\u00ba 1130\/14.7TDLSB-C.L1-9 Data 23 de fevereiro de 2017 Descritores Sigilo profissional Advogado Sum\u00e1rio I \u2013 \u00abTanto o dever de sigilo que a lei substantiva prescreve como o direito ao sigilo que o direito processual reconhece, visam salvaguardar simultaneamente bens jur\u00eddicos de duas ordens distintas. A par dos interesses individuais &hellip; <\/p>\n","protected":false},"featured_media":0,"parent":0,"template":"","juris_areas":[226],"juris_datas":[],"temas":[442],"class_list":["post-13207","juris","type-juris","status-publish","hentry","juris_areas-tribunal-da-relacao-de-lisboa","temas-procuradoria-ilicita"],"acf":[],"_links":{"self":[{"href":"https:\/\/crlisboa.org\/wp\/wp-json\/wp\/v2\/juris\/13207","targetHints":{"allow":["GET"]}}],"collection":[{"href":"https:\/\/crlisboa.org\/wp\/wp-json\/wp\/v2\/juris"}],"about":[{"href":"https:\/\/crlisboa.org\/wp\/wp-json\/wp\/v2\/types\/juris"}],"wp:attachment":[{"href":"https:\/\/crlisboa.org\/wp\/wp-json\/wp\/v2\/media?parent=13207"}],"wp:term":[{"taxonomy":"juris_areas","embeddable":true,"href":"https:\/\/crlisboa.org\/wp\/wp-json\/wp\/v2\/juris_areas?post=13207"},{"taxonomy":"juris_datas","embeddable":true,"href":"https:\/\/crlisboa.org\/wp\/wp-json\/wp\/v2\/juris_datas?post=13207"},{"taxonomy":"temas","embeddable":true,"href":"https:\/\/crlisboa.org\/wp\/wp-json\/wp\/v2\/temas?post=13207"}],"curies":[{"name":"wp","href":"https:\/\/api.w.org\/{rel}","templated":true}]}}

PROCESSO N.º 1130/14.7TDLSB-C.L1-9

<p><strong>PROCESSO N.º 1130/14.7TDLSB-C.L1-9</strong></p>
<p><strong>Data</strong><br />
23 de fevereiro de 2017</p>
<p><strong>Descritores</strong><br />
Sigilo profissional<br />
Advogado</p>
<p><strong>Sumário</strong></p>
<p><strong>I – «Tanto o <em>dever de sigilo</em> que a lei substantiva prescreve como o <em>direito ao sigilo</em> que o direito processual reconhece, visam salvaguardar simultaneamente bens jurídicos de duas ordens distintas. A par dos interesses individuais da preservação do segredo sobre determinados factos, protegem-se igualmente valores ou interesses de índole supra-individual e institucional que, por razões de economia, poderemos reconduzir à <em>confiança</em> sobre que deve assentar o exercício de certas profissões.»</strong></p>
<p><strong>II – Presentemente, é clara a prevalência da tutela da privacidade, bem jurídico pessoal, face ao bem jurídico supra-individual institucional, perante a previsão do art. 195.º do CP, sem prejuízo de os valores supra-individuais, que se «identificam com o prestígio e confiança em determinadas profissões e serviços, como condição do seu eficaz desempenho», aparecerem sempre incindivelmente associados à punição da violação do sigilo profissional, embora «com o estatuto de <em>interesses (apenas) reflexa e mediatamente protegidos</em>».</strong></p>
<p><strong>III – Estão abrangidos pelo segredo profissional do advogado os factos que resultem do desempenho desta actividade profissional, podendo advir da violação desse dever de reserva, para além de responsabilidade criminal e civil, também consequências no plano estatutário e no plano processual.</strong></p>
<p><strong>IV – A eventual prática de ilícitos criminais por parte do próprio mandatário nunca poderá considerar-se compreendida no exercício das funções profissionais de um advogado, sendo violadora, para além do mais, do dever deontológico de agir de forma a defender os interesses legítimos do cliente, sem prejuízo do cumprimento das normas legais e deontológicas.</strong></p>
<p><strong>V – Não pode fazer-se apelo ao sigilo profissional para encobrir a eventual prática de actos ilícitos, de natureza criminal, por parte do mandatário, pois que, não constituindo acto próprio da advocacia, se mostra excluída da esfera de protecção da norma em causa (o art. 87.º da Lei n.º 15/2005, de 26-01, com as alterações do DL n.º 226/2008, de 20-11, e da Lei n.º 12/2010, de 25-06, e actualmente o art. 92.º da Lei n.º 145/2015, 09-09).</strong></p>
<p><strong>(sumário elaborado pela relatora)</strong></p>
<p>Fonte: <a href="https://www.dgsi.pt">https://www.dgsi.pt</a></p>

<p>PROCESSO N.º 1130/14.7TDLSB-C.L1-9 Data 23 de fevereiro de 2017 Descritores Sigilo profissional Advogado Sumário I – «Tanto o dever de sigilo que a lei substantiva prescreve como o direito ao sigilo que o direito processual reconhece, visam salvaguardar simultaneamente bens jurídicos de duas ordens distintas. A par dos interesses individuais &hellip; </p>
