{"id":12752,"date":"2021-11-22T13:22:35","date_gmt":"2021-11-22T12:22:35","guid":{"rendered":"https:\/\/crlisboa.org\/wp\/?post_type=juris&#038;p=12752"},"modified":"2021-11-22T13:22:35","modified_gmt":"2021-11-22T12:22:35","slug":"processo-n-o-2947-12-2tbvlg-p1-s2","status":"publish","type":"juris","link":"https:\/\/crlisboa.org\/wp\/juris\/processo-n-o-2947-12-2tbvlg-p1-s2\/","title":{"rendered":"PROCESSO N.\u00ba 2947\/12.2TBVLG.P1.S2"},"content":{"rendered":"<p><strong>Data<\/strong><br \/>\n17 de setembro de 2020<\/p>\n<p>Supremo Tribunal de Justi\u00e7a<br \/>\nAc\u00f3rd\u00e3o do Supremo Tribunal de Justi\u00e7a n.\u00ba 4\/2021<br \/>\nDi\u00e1rio da Rep\u00fablica n.\u00ba 221\/2021, S\u00e9rie I de 2021-11-15, p\u00e1ginas 13 &#8211; 34<\/p>\n<p><strong>Descritores<\/strong><br \/>\nAl\u00ednea b) do n.\u00ba 3 do artigo 1817.\u00ba do CC<br \/>\nArtigo 1873.\u00ba do CC<br \/>\n[nossa autoria]\n<p><strong>Sum\u00e1rio<\/strong><br \/>\nNas ac\u00e7\u00f5es de investiga\u00e7\u00e3o de paternidade, intentadas nos termos da al\u00ednea b) do n.\u00ba 3 do artigo 1817.\u00ba, ex vi do artigo 1873.\u00ba do CC, compete ao R\u00e9u\/investigado o \u00f3nus de provar que o prazo de tr\u00eas anos referido no aludido normativo j\u00e1 se mostrava expirado \u00e0 data em que o investigante intentou a ac\u00e7\u00e3o.<\/p>\n<p>&nbsp;<\/p>\n<p>Fonte: <a href=\"https:\/\/dre.pt\/\">https:\/\/dre.pt\/<\/a><\/p>\n","protected":false},"excerpt":{"rendered":"<p>Data 17 de setembro de 2020 Supremo Tribunal de Justi\u00e7a Ac\u00f3rd\u00e3o do Supremo Tribunal de Justi\u00e7a n.\u00ba 4\/2021 Di\u00e1rio da Rep\u00fablica n.\u00ba 221\/2021, S\u00e9rie I de 2021-11-15, p\u00e1ginas 13 &#8211; 34 Descritores Al\u00ednea b) do n.\u00ba 3 do artigo 1817.\u00ba do CC Artigo 1873.\u00ba do CC [nossa autoria] Sum\u00e1rio Nas &hellip; <\/p>\n","protected":false},"featured_media":0,"parent":0,"template":"","juris_areas":[229],"juris_datas":[438],"temas":[],"class_list":["post-12752","juris","type-juris","status-publish","hentry","juris_areas-publicada-em-diario-da-republica","juris_datas-15-11-a-21-11-de-2021"],"acf":[],"_links":{"self":[{"href":"https:\/\/crlisboa.org\/wp\/wp-json\/wp\/v2\/juris\/12752","targetHints":{"allow":["GET"]}}],"collection":[{"href":"https:\/\/crlisboa.org\/wp\/wp-json\/wp\/v2\/juris"}],"about":[{"href":"https:\/\/crlisboa.org\/wp\/wp-json\/wp\/v2\/types\/juris"}],"wp:attachment":[{"href":"https:\/\/crlisboa.org\/wp\/wp-json\/wp\/v2\/media?parent=12752"}],"wp:term":[{"taxonomy":"juris_areas","embeddable":true,"href":"https:\/\/crlisboa.org\/wp\/wp-json\/wp\/v2\/juris_areas?post=12752"},{"taxonomy":"juris_datas","embeddable":true,"href":"https:\/\/crlisboa.org\/wp\/wp-json\/wp\/v2\/juris_datas?post=12752"},{"taxonomy":"temas","embeddable":true,"href":"https:\/\/crlisboa.org\/wp\/wp-json\/wp\/v2\/temas?post=12752"}],"curies":[{"name":"wp","href":"https:\/\/api.w.org\/{rel}","templated":true}]}}

PROCESSO N.º 2947/12.2TBVLG.P1.S2

<p><strong>Data</strong><br />
17 de setembro de 2020</p>
<p>Supremo Tribunal de Justiça<br />
Acórdão do Supremo Tribunal de Justiça n.º 4/2021<br />
Diário da República n.º 221/2021, Série I de 2021-11-15, páginas 13 &#8211; 34</p>
<p><strong>Descritores</strong><br />
Alínea b) do n.º 3 do artigo 1817.º do CC<br />
Artigo 1873.º do CC<br />
[nossa autoria]
<p><strong>Sumário</strong><br />
Nas acções de investigação de paternidade, intentadas nos termos da alínea b) do n.º 3 do artigo 1817.º, ex vi do artigo 1873.º do CC, compete ao Réu/investigado o ónus de provar que o prazo de três anos referido no aludido normativo já se mostrava expirado à data em que o investigante intentou a acção.</p>
<p>&nbsp;</p>
<p>Fonte: <a href="https://dre.pt/">https://dre.pt/</a></p>

<p>Data 17 de setembro de 2020 Supremo Tribunal de Justiça Acórdão do Supremo Tribunal de Justiça n.º 4/2021 Diário da República n.º 221/2021, Série I de 2021-11-15, páginas 13 &#8211; 34 Descritores Alínea b) do n.º 3 do artigo 1817.º do CC Artigo 1873.º do CC [nossa autoria] Sumário Nas &hellip; </p>
