{"id":12546,"date":"2021-11-08T11:11:39","date_gmt":"2021-11-08T10:11:39","guid":{"rendered":"https:\/\/crlisboa.org\/wp\/?post_type=juris&#038;p=12546"},"modified":"2021-11-08T11:11:39","modified_gmt":"2021-11-08T10:11:39","slug":"processo-n-o-03463-19-7beprt-s1","status":"publish","type":"juris","link":"https:\/\/crlisboa.org\/wp\/juris\/processo-n-o-03463-19-7beprt-s1\/","title":{"rendered":"PROCESSO N.\u00ba 03463\/19.7BEPRT-S1"},"content":{"rendered":"<p><strong>Data<\/strong><br \/>\n22 de outubro de 2021<\/p>\n<p><strong>Descritores<\/strong><br \/>\nFalta cita\u00e7\u00e3o Estado<br \/>\nNulidade cita\u00e7\u00e3o<br \/>\nMinist\u00e9rio P\u00fablico<br \/>\nCentro compet\u00eancias jur\u00eddicas Estado<br \/>\nInconstitucionalidade material &#8211; n.\u00ba 1 do art.\u00ba 11.\u00ba e do n.\u00ba 4 do art.\u00ba 25.\u00ba do CPTA, na redac\u00e7\u00e3o da Lei n.\u00ba 118\/2019, de 17\/09<\/p>\n<p><strong>Sum\u00e1rio<\/strong><br \/>\n1 . Apesar da parte final do n.\u00ba 1 do art.\u00ba 11.\u00ba do CPTA se referir \u00e0 possibilidade de representa\u00e7\u00e3o do Estado pelo MP, a verdade \u00e9 que apenas a este incumbe tal representa\u00e7\u00e3o, atendendo a que n\u00e3o existe norma que lhe retire essa fun\u00e7\u00e3o, subsistindo ainda outros preceitos normativos conexos que continuam a cometer essa tarefa ao MP em sentido positivo.<\/p>\n<p>2 . Da primeira parte do n.\u00ba 4 do art.\u00ba 25.\u00ba do CPTA apenas resulta que a cita\u00e7\u00e3o feita ao Estado deve ser dirigida ao Centro de Compet\u00eancias Jur\u00eddicas do Estado, cabendo-lhe assegurar a sua transmiss\u00e3o aos servi\u00e7os competentes, v.g., ao Procurador da Rep\u00fablica junto do TAF onde corre o processo, ou em obedi\u00eancia \u00e0 respetiva lei org\u00e2nica do MP.<\/p>\n<p>3 . A coordena\u00e7\u00e3o mencionada na \u00faltima parte do mesmo n.\u00ba 4 n\u00e3o confere ao centro de Compet\u00eancias Jur\u00eddicas do Estado qualquer esp\u00e9cie de poder funcional sobre o MP, cabendo-lhe apenas coordenar com este \u00faltimo nos termos solicitados, designadamente recolhendo as informa\u00e7\u00f5es e os elementos necess\u00e1rios junto dos diversos gabinetes ministeriais e preparando, de acordo com o solicitado e se tal suceder, os termos da defesa a apresentar pelo Estado.*<\/p>\n<p>* Sum\u00e1rio elaborado pelo relator<\/p>\n<p>Fonte: <a href=\"https:\/\/www.dgsi.pt\">https:\/\/www.dgsi.pt<\/a><\/p>\n","protected":false},"excerpt":{"rendered":"<p>Data 22 de outubro de 2021 Descritores Falta cita\u00e7\u00e3o Estado Nulidade cita\u00e7\u00e3o Minist\u00e9rio P\u00fablico Centro compet\u00eancias jur\u00eddicas Estado Inconstitucionalidade material &#8211; n.\u00ba 1 do art.\u00ba 11.\u00ba e do n.\u00ba 4 do art.\u00ba 25.\u00ba do CPTA, na redac\u00e7\u00e3o da Lei n.\u00ba 118\/2019, de 17\/09 Sum\u00e1rio 1 . Apesar da parte final &hellip; <\/p>\n","protected":false},"featured_media":0,"parent":0,"template":"","juris_areas":[273],"juris_datas":[436],"temas":[],"class_list":["post-12546","juris","type-juris","status-publish","hentry","juris_areas-tribunal-central-administrativo-norte","juris_datas-01-11-a-07-11-de-2021"],"acf":[],"_links":{"self":[{"href":"https:\/\/crlisboa.org\/wp\/wp-json\/wp\/v2\/juris\/12546","targetHints":{"allow":["GET"]}}],"collection":[{"href":"https:\/\/crlisboa.org\/wp\/wp-json\/wp\/v2\/juris"}],"about":[{"href":"https:\/\/crlisboa.org\/wp\/wp-json\/wp\/v2\/types\/juris"}],"wp:attachment":[{"href":"https:\/\/crlisboa.org\/wp\/wp-json\/wp\/v2\/media?parent=12546"}],"wp:term":[{"taxonomy":"juris_areas","embeddable":true,"href":"https:\/\/crlisboa.org\/wp\/wp-json\/wp\/v2\/juris_areas?post=12546"},{"taxonomy":"juris_datas","embeddable":true,"href":"https:\/\/crlisboa.org\/wp\/wp-json\/wp\/v2\/juris_datas?post=12546"},{"taxonomy":"temas","embeddable":true,"href":"https:\/\/crlisboa.org\/wp\/wp-json\/wp\/v2\/temas?post=12546"}],"curies":[{"name":"wp","href":"https:\/\/api.w.org\/{rel}","templated":true}]}}

PROCESSO N.º 03463/19.7BEPRT-S1

<p><strong>Data</strong><br />
22 de outubro de 2021</p>
<p><strong>Descritores</strong><br />
Falta citação Estado<br />
Nulidade citação<br />
Ministério Público<br />
Centro competências jurídicas Estado<br />
Inconstitucionalidade material &#8211; n.º 1 do art.º 11.º e do n.º 4 do art.º 25.º do CPTA, na redacção da Lei n.º 118/2019, de 17/09</p>
<p><strong>Sumário</strong><br />
1 . Apesar da parte final do n.º 1 do art.º 11.º do CPTA se referir à possibilidade de representação do Estado pelo MP, a verdade é que apenas a este incumbe tal representação, atendendo a que não existe norma que lhe retire essa função, subsistindo ainda outros preceitos normativos conexos que continuam a cometer essa tarefa ao MP em sentido positivo.</p>
<p>2 . Da primeira parte do n.º 4 do art.º 25.º do CPTA apenas resulta que a citação feita ao Estado deve ser dirigida ao Centro de Competências Jurídicas do Estado, cabendo-lhe assegurar a sua transmissão aos serviços competentes, v.g., ao Procurador da República junto do TAF onde corre o processo, ou em obediência à respetiva lei orgânica do MP.</p>
<p>3 . A coordenação mencionada na última parte do mesmo n.º 4 não confere ao centro de Competências Jurídicas do Estado qualquer espécie de poder funcional sobre o MP, cabendo-lhe apenas coordenar com este último nos termos solicitados, designadamente recolhendo as informações e os elementos necessários junto dos diversos gabinetes ministeriais e preparando, de acordo com o solicitado e se tal suceder, os termos da defesa a apresentar pelo Estado.*</p>
<p>* Sumário elaborado pelo relator</p>
<p>Fonte: <a href="https://www.dgsi.pt">https://www.dgsi.pt</a></p>

<p>Data 22 de outubro de 2021 Descritores Falta citação Estado Nulidade citação Ministério Público Centro competências jurídicas Estado Inconstitucionalidade material &#8211; n.º 1 do art.º 11.º e do n.º 4 do art.º 25.º do CPTA, na redacção da Lei n.º 118/2019, de 17/09 Sumário 1 . Apesar da parte final &hellip; </p>
