{"id":12469,"date":"2021-11-02T11:31:56","date_gmt":"2021-11-02T10:31:56","guid":{"rendered":"https:\/\/crlisboa.org\/wp\/?post_type=juris&#038;p=12469"},"modified":"2021-11-02T11:31:56","modified_gmt":"2021-11-02T10:31:56","slug":"processo-n-o-c%e2%80%91909-19","status":"publish","type":"juris","link":"https:\/\/crlisboa.org\/wp\/juris\/processo-n-o-c%e2%80%91909-19\/","title":{"rendered":"PROCESSO N.\u00ba C\u2011909\/19"},"content":{"rendered":"<p><strong>Ac\u00f3rd\u00e3o do Tribunal de Justi\u00e7a (D\u00e9cima Sec\u00e7\u00e3o)<\/strong><\/p>\n<p><strong>Data<\/strong><br \/>\n28 de outubro de 2021<\/p>\n<p>\u00abReenvio prejudicial \u2013 Prote\u00e7\u00e3o da seguran\u00e7a e da sa\u00fade dos trabalhadores \u2013 Diretiva 2003\/88\/CE \u2013 Organiza\u00e7\u00e3o do tempo de trabalho \u2013 Artigo 2.\u00ba, pontos 1 e 2 \u2013 Conceitos de \u201ctempo de trabalho\u201d e de \u201cper\u00edodo de descanso\u201d \u2013 Forma\u00e7\u00e3o profissional obrigat\u00f3ria seguida por iniciativa da entidade patronal\u00bb<\/p>\n<p>Fonte: <a href=\"http:\/\/curia.europa.eu\">http:\/\/curia.europa.eu<\/a><\/p>\n","protected":false},"excerpt":{"rendered":"<p>Ac\u00f3rd\u00e3o do Tribunal de Justi\u00e7a (D\u00e9cima Sec\u00e7\u00e3o) Data 28 de outubro de 2021 \u00abReenvio prejudicial \u2013 Prote\u00e7\u00e3o da seguran\u00e7a e da sa\u00fade dos trabalhadores \u2013 Diretiva 2003\/88\/CE \u2013 Organiza\u00e7\u00e3o do tempo de trabalho \u2013 Artigo 2.\u00ba, pontos 1 e 2 \u2013 Conceitos de \u201ctempo de trabalho\u201d e de \u201cper\u00edodo de &hellip; <\/p>\n","protected":false},"featured_media":0,"parent":0,"template":"","juris_areas":[230],"juris_datas":[435],"temas":[],"class_list":["post-12469","juris","type-juris","status-publish","hentry","juris_areas-tribunal-de-justica-da-uniao-europeia","juris_datas-25-10-a-31-10-de-2021"],"acf":[],"_links":{"self":[{"href":"https:\/\/crlisboa.org\/wp\/wp-json\/wp\/v2\/juris\/12469","targetHints":{"allow":["GET"]}}],"collection":[{"href":"https:\/\/crlisboa.org\/wp\/wp-json\/wp\/v2\/juris"}],"about":[{"href":"https:\/\/crlisboa.org\/wp\/wp-json\/wp\/v2\/types\/juris"}],"wp:attachment":[{"href":"https:\/\/crlisboa.org\/wp\/wp-json\/wp\/v2\/media?parent=12469"}],"wp:term":[{"taxonomy":"juris_areas","embeddable":true,"href":"https:\/\/crlisboa.org\/wp\/wp-json\/wp\/v2\/juris_areas?post=12469"},{"taxonomy":"juris_datas","embeddable":true,"href":"https:\/\/crlisboa.org\/wp\/wp-json\/wp\/v2\/juris_datas?post=12469"},{"taxonomy":"temas","embeddable":true,"href":"https:\/\/crlisboa.org\/wp\/wp-json\/wp\/v2\/temas?post=12469"}],"curies":[{"name":"wp","href":"https:\/\/api.w.org\/{rel}","templated":true}]}}

PROCESSO N.º C‑909/19

<p><strong>Acórdão do Tribunal de Justiça (Décima Secção)</strong></p>
<p><strong>Data</strong><br />
28 de outubro de 2021</p>
<p>«Reenvio prejudicial – Proteção da segurança e da saúde dos trabalhadores – Diretiva 2003/88/CE – Organização do tempo de trabalho – Artigo 2.º, pontos 1 e 2 – Conceitos de “tempo de trabalho” e de “período de descanso” – Formação profissional obrigatória seguida por iniciativa da entidade patronal»</p>
<p>Fonte: <a href="http://curia.europa.eu">http://curia.europa.eu</a></p>

<p>Acórdão do Tribunal de Justiça (Décima Secção) Data 28 de outubro de 2021 «Reenvio prejudicial – Proteção da segurança e da saúde dos trabalhadores – Diretiva 2003/88/CE – Organização do tempo de trabalho – Artigo 2.º, pontos 1 e 2 – Conceitos de “tempo de trabalho” e de “período de &hellip; </p>
