{"id":12340,"date":"2021-10-25T16:53:20","date_gmt":"2021-10-25T15:53:20","guid":{"rendered":"https:\/\/crlisboa.org\/wp\/?post_type=juris&#038;p=12340"},"modified":"2021-10-27T14:55:35","modified_gmt":"2021-10-27T13:55:35","slug":"processo-n-o-7325-20-7yiprt-l1-7","status":"publish","type":"juris","link":"https:\/\/crlisboa.org\/wp\/juris\/processo-n-o-7325-20-7yiprt-l1-7\/","title":{"rendered":"Tribunal da Rela\u00e7\u00e3o de Lisboa | PROCESSO N.\u00ba 7325\/20.7YIPRT.L1-7"},"content":{"rendered":"<p><strong>Data<\/strong><br \/>\n27 de abril de 2021<\/p>\n<p><strong>Descritores<\/strong><br \/>\nFornecimento de \u00e1gua<br \/>\nFactura<br \/>\nCobran\u00e7a<br \/>\nCompet\u00eancia em raz\u00e3o da mat\u00e9ria<br \/>\nTribunal competente<\/p>\n<p><strong>Sum\u00e1rio<\/strong><br \/>\n<strong>I\u2013 A compet\u00eancia material dos tribunais comuns \u00e9 aferida por crit\u00e9rios de atribui\u00e7\u00e3o positiva e de compet\u00eancia residual, conferindo-lhes o primeiro compet\u00eancia para todas as causas cujo objecto \u00e9 uma situa\u00e7\u00e3o jur\u00eddica regulada pelo direito privado, civil ou comercial e o segundo, compet\u00eancia para todas as causas que, apesar de n\u00e3o terem por objecto uma situa\u00e7\u00e3o jur\u00eddica fundamentada no direito privado, n\u00e3o s\u00e3o legalmente atribu\u00eddas a nenhum tribunal judicial n\u00e3o comum ou a nenhum tribunal especial.<\/strong><\/p>\n<p><strong>II\u2013 Nos termos do estatu\u00eddo no artigo 212\u00ba, n.\u00ba 3 da Constitui\u00e7\u00e3o da Rep\u00fablica Portuguesa e no artigo 1\u00ba, n.\u00ba 1 do Estatuto dos Tribunais Administrativos e Fiscais o factor atributivo da compet\u00eancia aos tribunais administrativos radica n exist\u00eancia de uma rela\u00e7\u00e3o jur\u00eddica administrativa, que pressup\u00f5e sempre a interven\u00e7\u00e3o da Administra\u00e7\u00e3o P\u00fablica investida no seu poder de autoridade (<em>jus imperium<\/em>), isto \u00e9, o exerc\u00edcio de uma fun\u00e7\u00e3o p\u00fablica, sob o dom\u00ednio de normas de direito p\u00fablico.<\/strong><\/p>\n<p><strong>III\u2013 Quando o servi\u00e7o p\u00fablico \u00e9 atribu\u00eddo a uma entidade privada do sector privado, estabelece-se uma rela\u00e7\u00e3o de colabora\u00e7\u00e3o entre a Administra\u00e7\u00e3o P\u00fablica (titular do servi\u00e7o) e o gestor do servi\u00e7o, dado que por meio da concess\u00e3o d\u00e1-se uma delega\u00e7\u00e3o de servi\u00e7os p\u00fablicos comerciais e industriais a empresas privadas que executam o servi\u00e7o em seu pr\u00f3prio nome e por sua conta e risco, mas submetendo-se \u00e0 fiscaliza\u00e7\u00e3o e ao controlo por parte da Administra\u00e7\u00e3o P\u00fablica.<\/strong><\/p>\n<p><strong>IV\u2013 Uma empresa concession\u00e1ria da explora\u00e7\u00e3o e gest\u00e3o dos servi\u00e7os p\u00fablicos municipais de abastecimento de \u00e1gua e de saneamento de um munic\u00edpio actua em substitui\u00e7\u00e3o deste, pelo que se trata de uma entidade particular no exerc\u00edcio de um poder p\u00fablico e actuando com vista \u00e0 realiza\u00e7\u00e3o de um interesse p\u00fablico, sendo o contrato de concess\u00e3o um contrato administrativo.<\/strong><\/p>\n<p><strong>V\u2013 O contrato celebrado entre o utente e o prestador de servi\u00e7os n\u00e3o se encontra sujeito a um regime substantivo de direito p\u00fablico, sendo antes regulado pela Lei dos Servi\u00e7os P\u00fablicos Essenciais (Lei n.\u00ba 23\/96, de 26 de Julho) e pelo Decreto-Lei n.\u00ba 194\/2009, de 20 de Agosto, normas de direito privado, e a d\u00edvida de consumo de \u00e1gua n\u00e3o \u00e9 uma d\u00edvida fiscal emergente de uma rela\u00e7\u00e3o jur\u00eddica-tribut\u00e1ria.<\/strong><\/p>\n<p><strong>VI\u2013 Com a entrada em vigor da Lei n.\u00ba 114\/2019, de 12 de Setembro, por for\u00e7a da nova al\u00ednea e) do n.\u00ba 4 do artigo 4 do Estatuto dos Tribunais Administrativos e Fiscais, os tribunais administrativos e fiscais n\u00e3o t\u00eam compet\u00eancia para as ac\u00e7\u00f5es que, como a presente, se destinem a apreciar \u201c<em>lit\u00edgios emergentes das rela\u00e7\u00f5es de consumo relativas \u00e0 presta\u00e7\u00e3o de servi\u00e7os p\u00fablicos essenciais, incluindo a respectiva cobran\u00e7a coerciva<\/em>\u201d.<\/strong><\/p>\n<p>Fonte: <a href=\"https:\/\/www.dgsi.pt\">https:\/\/www.dgsi.pt<\/a><\/p>\n<p>Comentado em <a href=\"https:\/\/novaconsumerlab.novalaw.unl.pt\/tribunal-competente-e-fornecimento-de-agua-ac-do-trl-de-27-04-2021\/\">https:\/\/novaconsumerlab.novalaw.unl.pt\/tribunal-competente-e-fornecimento-de-agua-ac-do-trl-de-27-04-2021\/<\/a><\/p>\n","protected":false},"excerpt":{"rendered":"<p>Data 27 de abril de 2021 Descritores Fornecimento de \u00e1gua Factura Cobran\u00e7a Compet\u00eancia em raz\u00e3o da mat\u00e9ria Tribunal competente Sum\u00e1rio I\u2013 A compet\u00eancia material dos tribunais comuns \u00e9 aferida por crit\u00e9rios de atribui\u00e7\u00e3o positiva e de compet\u00eancia residual, conferindo-lhes o primeiro compet\u00eancia para todas as causas cujo objecto \u00e9 uma &hellip; <\/p>\n","protected":false},"featured_media":0,"parent":0,"template":"","juris_areas":[433],"juris_datas":[],"temas":[420],"class_list":["post-12340","juris","type-juris","status-publish","hentry","juris_areas-servicos-publicos-essenciais","temas-arbitragem-e-direito-do-consumo"],"acf":[],"_links":{"self":[{"href":"https:\/\/crlisboa.org\/wp\/wp-json\/wp\/v2\/juris\/12340","targetHints":{"allow":["GET"]}}],"collection":[{"href":"https:\/\/crlisboa.org\/wp\/wp-json\/wp\/v2\/juris"}],"about":[{"href":"https:\/\/crlisboa.org\/wp\/wp-json\/wp\/v2\/types\/juris"}],"wp:attachment":[{"href":"https:\/\/crlisboa.org\/wp\/wp-json\/wp\/v2\/media?parent=12340"}],"wp:term":[{"taxonomy":"juris_areas","embeddable":true,"href":"https:\/\/crlisboa.org\/wp\/wp-json\/wp\/v2\/juris_areas?post=12340"},{"taxonomy":"juris_datas","embeddable":true,"href":"https:\/\/crlisboa.org\/wp\/wp-json\/wp\/v2\/juris_datas?post=12340"},{"taxonomy":"temas","embeddable":true,"href":"https:\/\/crlisboa.org\/wp\/wp-json\/wp\/v2\/temas?post=12340"}],"curies":[{"name":"wp","href":"https:\/\/api.w.org\/{rel}","templated":true}]}}

Tribunal da Relação de Lisboa | PROCESSO N.º 7325/20.7YIPRT.L1-7

<p><strong>Data</strong><br />
27 de abril de 2021</p>
<p><strong>Descritores</strong><br />
Fornecimento de água<br />
Factura<br />
Cobrança<br />
Competência em razão da matéria<br />
Tribunal competente</p>
<p><strong>Sumário</strong><br />
<strong>I– A competência material dos tribunais comuns é aferida por critérios de atribuição positiva e de competência residual, conferindo-lhes o primeiro competência para todas as causas cujo objecto é uma situação jurídica regulada pelo direito privado, civil ou comercial e o segundo, competência para todas as causas que, apesar de não terem por objecto uma situação jurídica fundamentada no direito privado, não são legalmente atribuídas a nenhum tribunal judicial não comum ou a nenhum tribunal especial.</strong></p>
<p><strong>II– Nos termos do estatuído no artigo 212º, n.º 3 da Constituição da República Portuguesa e no artigo 1º, n.º 1 do Estatuto dos Tribunais Administrativos e Fiscais o factor atributivo da competência aos tribunais administrativos radica n existência de uma relação jurídica administrativa, que pressupõe sempre a intervenção da Administração Pública investida no seu poder de autoridade (<em>jus imperium</em>), isto é, o exercício de uma função pública, sob o domínio de normas de direito público.</strong></p>
<p><strong>III– Quando o serviço público é atribuído a uma entidade privada do sector privado, estabelece-se uma relação de colaboração entre a Administração Pública (titular do serviço) e o gestor do serviço, dado que por meio da concessão dá-se uma delegação de serviços públicos comerciais e industriais a empresas privadas que executam o serviço em seu próprio nome e por sua conta e risco, mas submetendo-se à fiscalização e ao controlo por parte da Administração Pública.</strong></p>
<p><strong>IV– Uma empresa concessionária da exploração e gestão dos serviços públicos municipais de abastecimento de água e de saneamento de um município actua em substituição deste, pelo que se trata de uma entidade particular no exercício de um poder público e actuando com vista à realização de um interesse público, sendo o contrato de concessão um contrato administrativo.</strong></p>
<p><strong>V– O contrato celebrado entre o utente e o prestador de serviços não se encontra sujeito a um regime substantivo de direito público, sendo antes regulado pela Lei dos Serviços Públicos Essenciais (Lei n.º 23/96, de 26 de Julho) e pelo Decreto-Lei n.º 194/2009, de 20 de Agosto, normas de direito privado, e a dívida de consumo de água não é uma dívida fiscal emergente de uma relação jurídica-tributária.</strong></p>
<p><strong>VI– Com a entrada em vigor da Lei n.º 114/2019, de 12 de Setembro, por força da nova alínea e) do n.º 4 do artigo 4 do Estatuto dos Tribunais Administrativos e Fiscais, os tribunais administrativos e fiscais não têm competência para as acções que, como a presente, se destinem a apreciar “<em>litígios emergentes das relações de consumo relativas à prestação de serviços públicos essenciais, incluindo a respectiva cobrança coerciva</em>”.</strong></p>
<p>Fonte: <a href="https://www.dgsi.pt">https://www.dgsi.pt</a></p>
<p>Comentado em <a href="https://novaconsumerlab.novalaw.unl.pt/tribunal-competente-e-fornecimento-de-agua-ac-do-trl-de-27-04-2021/">https://novaconsumerlab.novalaw.unl.pt/tribunal-competente-e-fornecimento-de-agua-ac-do-trl-de-27-04-2021/</a></p>

<p>Data 27 de abril de 2021 Descritores Fornecimento de água Factura Cobrança Competência em razão da matéria Tribunal competente Sumário I– A competência material dos tribunais comuns é aferida por critérios de atribuição positiva e de competência residual, conferindo-lhes o primeiro competência para todas as causas cujo objecto é uma &hellip; </p>
