{"id":11404,"date":"2021-07-05T15:13:34","date_gmt":"2021-07-05T14:13:34","guid":{"rendered":"https:\/\/crlisboa.org\/wp\/?post_type=juris&#038;p=11404"},"modified":"2021-07-05T15:13:34","modified_gmt":"2021-07-05T14:13:34","slug":"processo-n-o-302-19-2t8mgl-c1","status":"publish","type":"juris","link":"https:\/\/crlisboa.org\/wp\/juris\/processo-n-o-302-19-2t8mgl-c1\/","title":{"rendered":"PROCESSO N.\u00ba 302\/19.2T8MGL.C1"},"content":{"rendered":"<p><strong>Data<\/strong><br \/>\n29 de junho de 2021<\/p>\n<p><strong>Descritores<\/strong><br \/>\nProte\u00e7\u00e3o de dados<br \/>\nDireito \u00e0 imagem<br \/>\nConsentimento do interessado<\/p>\n<p><strong>Sum\u00e1rio<\/strong><\/p>\n<p><strong>I \u2013 O direito \u00e0 imagem \u00e9 um direito aut\u00f3nomo com prote\u00e7\u00e3o constitucional, a par de outros direitos de personalidade, no n.\u00ba 1 do art.\u00ba 26\u00ba da Constitui\u00e7\u00e3o da Rep\u00fablica Portuguesa, abrangendo, entre outros, o direito da pessoa n\u00e3o ser fotografada nem ver o seu retrato exposto em p\u00fablico sem seu consentimento.<\/strong><\/p>\n<p><strong>II &#8211; O retrato de uma pessoa n\u00e3o pode ser exposto ou publicado sem o seu consentimento &#8211; n.\u00ba 1 do art.\u00ba 79\u00ba do C. Civil.<\/strong><\/p>\n<p><strong>III &#8211; O car\u00e1cter inalien\u00e1vel e irrenunci\u00e1vel dos direitos de personalidade n\u00e3o impede, de facto, a sua limita\u00e7\u00e3o atrav\u00e9s do consentimento do lesado, admitindo-se, no artigo 81.\u00ba do CC, com car\u00e1cter geral, a limita\u00e7\u00e3o volunt\u00e1ria dos direitos de personalidade.<\/strong><\/p>\n<p><strong>IV &#8211; Podem, assim, as pessoas renunciar ou restringir os seus direitos de personalidade por via do consentimento, ficando com isso impedidas de invocar, depois, a ilicitude das les\u00f5es respetivas, numa esp\u00e9cie de concretiza\u00e7\u00e3o do brocardo \u2018volenti non fit injuria\u2019.<\/strong><\/p>\n<p><strong>V &#8211; Disp\u00f5e o art.28.\u00ba, n.\u00ba 1 da Lei n.\u00ba 58\/2019, de 8 de Agosto (Lei da Prote\u00e7\u00e3o de Dados Pessoais), que <em>\u201co empregador pode tratar os dados pessoais dos seus trabalhadores para as finalidades e com os limites definidos no C\u00f3digo do Trabalho e respetiva legisla\u00e7\u00e3o complementar ou noutros regimes setoriais, com as especificidades estabelecidas no presente artigo\u201d.<\/em><\/strong><\/p>\n<p>Fonte: <a href=\"https:\/\/www.dgsi.pt\">https:\/\/www.dgsi.pt<\/a><\/p>\n","protected":false},"excerpt":{"rendered":"<p>Data 29 de junho de 2021 Descritores Prote\u00e7\u00e3o de dados Direito \u00e0 imagem Consentimento do interessado Sum\u00e1rio I \u2013 O direito \u00e0 imagem \u00e9 um direito aut\u00f3nomo com prote\u00e7\u00e3o constitucional, a par de outros direitos de personalidade, no n.\u00ba 1 do art.\u00ba 26\u00ba da Constitui\u00e7\u00e3o da Rep\u00fablica Portuguesa, abrangendo, entre &hellip; <\/p>\n","protected":false},"featured_media":0,"parent":0,"template":"","juris_areas":[227],"juris_datas":[406],"temas":[],"class_list":["post-11404","juris","type-juris","status-publish","hentry","juris_areas-tribunal-da-relacao-de-coimbra","juris_datas-28-06-a-04-07-de-2021"],"acf":[],"_links":{"self":[{"href":"https:\/\/crlisboa.org\/wp\/wp-json\/wp\/v2\/juris\/11404","targetHints":{"allow":["GET"]}}],"collection":[{"href":"https:\/\/crlisboa.org\/wp\/wp-json\/wp\/v2\/juris"}],"about":[{"href":"https:\/\/crlisboa.org\/wp\/wp-json\/wp\/v2\/types\/juris"}],"wp:attachment":[{"href":"https:\/\/crlisboa.org\/wp\/wp-json\/wp\/v2\/media?parent=11404"}],"wp:term":[{"taxonomy":"juris_areas","embeddable":true,"href":"https:\/\/crlisboa.org\/wp\/wp-json\/wp\/v2\/juris_areas?post=11404"},{"taxonomy":"juris_datas","embeddable":true,"href":"https:\/\/crlisboa.org\/wp\/wp-json\/wp\/v2\/juris_datas?post=11404"},{"taxonomy":"temas","embeddable":true,"href":"https:\/\/crlisboa.org\/wp\/wp-json\/wp\/v2\/temas?post=11404"}],"curies":[{"name":"wp","href":"https:\/\/api.w.org\/{rel}","templated":true}]}}

PROCESSO N.º 302/19.2T8MGL.C1

<p><strong>Data</strong><br />
29 de junho de 2021</p>
<p><strong>Descritores</strong><br />
Proteção de dados<br />
Direito à imagem<br />
Consentimento do interessado</p>
<p><strong>Sumário</strong></p>
<p><strong>I – O direito à imagem é um direito autónomo com proteção constitucional, a par de outros direitos de personalidade, no n.º 1 do art.º 26º da Constituição da República Portuguesa, abrangendo, entre outros, o direito da pessoa não ser fotografada nem ver o seu retrato exposto em público sem seu consentimento.</strong></p>
<p><strong>II &#8211; O retrato de uma pessoa não pode ser exposto ou publicado sem o seu consentimento &#8211; n.º 1 do art.º 79º do C. Civil.</strong></p>
<p><strong>III &#8211; O carácter inalienável e irrenunciável dos direitos de personalidade não impede, de facto, a sua limitação através do consentimento do lesado, admitindo-se, no artigo 81.º do CC, com carácter geral, a limitação voluntária dos direitos de personalidade.</strong></p>
<p><strong>IV &#8211; Podem, assim, as pessoas renunciar ou restringir os seus direitos de personalidade por via do consentimento, ficando com isso impedidas de invocar, depois, a ilicitude das lesões respetivas, numa espécie de concretização do brocardo ‘volenti non fit injuria’.</strong></p>
<p><strong>V &#8211; Dispõe o art.28.º, n.º 1 da Lei n.º 58/2019, de 8 de Agosto (Lei da Proteção de Dados Pessoais), que <em>“o empregador pode tratar os dados pessoais dos seus trabalhadores para as finalidades e com os limites definidos no Código do Trabalho e respetiva legislação complementar ou noutros regimes setoriais, com as especificidades estabelecidas no presente artigo”.</em></strong></p>
<p>Fonte: <a href="https://www.dgsi.pt">https://www.dgsi.pt</a></p>

<p>Data 29 de junho de 2021 Descritores Proteção de dados Direito à imagem Consentimento do interessado Sumário I – O direito à imagem é um direito autónomo com proteção constitucional, a par de outros direitos de personalidade, no n.º 1 do art.º 26º da Constituição da República Portuguesa, abrangendo, entre &hellip; </p>
