{"id":10095,"date":"2021-04-07T11:10:57","date_gmt":"2021-04-07T10:10:57","guid":{"rendered":"https:\/\/crlisboa.org\/wp\/?post_type=juris&#038;p=10095"},"modified":"2021-04-07T17:03:38","modified_gmt":"2021-04-07T16:03:38","slug":"processo-n-o-2951-20-7t8vct-g1","status":"publish","type":"juris","link":"https:\/\/crlisboa.org\/wp\/juris\/processo-n-o-2951-20-7t8vct-g1\/","title":{"rendered":"PROCESSO N.\u00ba 2951\/20.7T8VCT.G1"},"content":{"rendered":"<p><strong>Data<\/strong><br \/>\n4 de fevereiro de 2021<\/p>\n<p><strong>Descritores<\/strong><br \/>\nProcedimento cautelar<br \/>\nRestitui\u00e7\u00e3o provis\u00f3ria de posse<br \/>\nRegime extraordin\u00e1rio prote\u00e7\u00e3o arrendat\u00e1rio<br \/>\nMedidas COVID<\/p>\n<p><strong>Sum\u00e1rio<\/strong><\/p>\n<p>O art\u00ba. 8\u00ba da Lei n\u00ba. 1-A\/2020 de 19\/3 n\u00e3o abrange, por interpreta\u00e7\u00e3o extensiva, uma dilig\u00eancia de entrega judicial de um im\u00f3vel e desocupa\u00e7\u00e3o determinada no \u00e2mbito de um procedimento cautelar de restitui\u00e7\u00e3o provis\u00f3ria de posse, ainda que o mesmo fosse resid\u00eancia pr\u00f3pria e permanente do requerido.<\/p>\n<p>Fonte: <a href=\"https:\/\/www.dgsi.pt\">https:\/\/www.dgsi.pt<\/a><\/p>\n","protected":false},"excerpt":{"rendered":"<p>Data 4 de fevereiro de 2021 Descritores Procedimento cautelar Restitui\u00e7\u00e3o provis\u00f3ria de posse Regime extraordin\u00e1rio prote\u00e7\u00e3o arrendat\u00e1rio Medidas COVID Sum\u00e1rio O art\u00ba. 8\u00ba da Lei n\u00ba. 1-A\/2020 de 19\/3 n\u00e3o abrange, por interpreta\u00e7\u00e3o extensiva, uma dilig\u00eancia de entrega judicial de um im\u00f3vel e desocupa\u00e7\u00e3o determinada no \u00e2mbito de um procedimento &hellip; <\/p>\n","protected":false},"featured_media":0,"parent":0,"template":"","juris_areas":[228],"juris_datas":[],"temas":[370],"class_list":["post-10095","juris","type-juris","status-publish","hentry","juris_areas-tribunal-da-relacao-de-guimaraes","temas-covid"],"acf":[],"_links":{"self":[{"href":"https:\/\/crlisboa.org\/wp\/wp-json\/wp\/v2\/juris\/10095","targetHints":{"allow":["GET"]}}],"collection":[{"href":"https:\/\/crlisboa.org\/wp\/wp-json\/wp\/v2\/juris"}],"about":[{"href":"https:\/\/crlisboa.org\/wp\/wp-json\/wp\/v2\/types\/juris"}],"wp:attachment":[{"href":"https:\/\/crlisboa.org\/wp\/wp-json\/wp\/v2\/media?parent=10095"}],"wp:term":[{"taxonomy":"juris_areas","embeddable":true,"href":"https:\/\/crlisboa.org\/wp\/wp-json\/wp\/v2\/juris_areas?post=10095"},{"taxonomy":"juris_datas","embeddable":true,"href":"https:\/\/crlisboa.org\/wp\/wp-json\/wp\/v2\/juris_datas?post=10095"},{"taxonomy":"temas","embeddable":true,"href":"https:\/\/crlisboa.org\/wp\/wp-json\/wp\/v2\/temas?post=10095"}],"curies":[{"name":"wp","href":"https:\/\/api.w.org\/{rel}","templated":true}]}}

PROCESSO N.º 2951/20.7T8VCT.G1

<p><strong>Data</strong><br />
4 de fevereiro de 2021</p>
<p><strong>Descritores</strong><br />
Procedimento cautelar<br />
Restituição provisória de posse<br />
Regime extraordinário proteção arrendatário<br />
Medidas COVID</p>
<p><strong>Sumário</strong></p>
<p>O artº. 8º da Lei nº. 1-A/2020 de 19/3 não abrange, por interpretação extensiva, uma diligência de entrega judicial de um imóvel e desocupação determinada no âmbito de um procedimento cautelar de restituição provisória de posse, ainda que o mesmo fosse residência própria e permanente do requerido.</p>
<p>Fonte: <a href="https://www.dgsi.pt">https://www.dgsi.pt</a></p>

<p>Data 4 de fevereiro de 2021 Descritores Procedimento cautelar Restituição provisória de posse Regime extraordinário proteção arrendatário Medidas COVID Sumário O artº. 8º da Lei nº. 1-A/2020 de 19/3 não abrange, por interpretação extensiva, uma diligência de entrega judicial de um imóvel e desocupação determinada no âmbito de um procedimento &hellip; </p>
